{"id":51,"date":"2023-03-25T09:05:34","date_gmt":"2023-03-25T12:05:34","guid":{"rendered":"https:\/\/www.acsc.com.br\/santacatarina\/?page_id=51"},"modified":"2023-08-10T01:30:45","modified_gmt":"2023-08-10T04:30:45","slug":"pastoral","status":"publish","type":"page","link":"https:\/\/www.acsc.com.br\/santacatarina\/pastoral\/","title":{"rendered":"Pastoral"},"content":{"rendered":"<p style=\"text-align: justify;\">A Pastoral Escolar tem como miss\u00e3o estimular e envolver as pessoas que comp\u00f5em a comunidade educativa na evangeliza\u00e7\u00e3o, para fortalecer a identidade cat\u00f3lica da Escola, \u00e0 luz do Evangelho e do Carisma Congregacional.<br \/>\nE para concretizar a a\u00e7\u00e3o da Pastoral Escolar s\u00e3o realizadas as seguintes atividades:<\/p>\n<ul>\n<li>Planejar, animar e zelar pela forma\u00e7\u00e3o continuada e viv\u00eancia da Educa\u00e7\u00e3o Crist\u00e3 Cat\u00f3lica nas atividades escolares;<\/li>\n<li>Promover e difundir o Carisma e a Espiritualidade da Bem-Aventurada Regina Protmann;<\/li>\n<li>Organizar e realizar jornadas de forma\u00e7\u00e3o com docentes, discentes e demais colaboradores;<\/li>\n<li>Oportunizar momentos de reflex\u00e3o, de ora\u00e7\u00e3o e celebra\u00e7\u00f5es de datas espec\u00edficas da comunidade escolar e eclesial.<\/li>\n<\/ul>\n<p><strong>Hor\u00e1rio de atendimento:<\/strong> atendimento pessoal agendar hor\u00e1rio no CIPE atrav\u00e9s do WhatsApp ou e-mail.<br \/>\n<strong>E-mail de contato:<\/strong> pastoral@colegiosantanh.com.br.<\/p>\n","protected":false},"excerpt":{"rendered":"<p>A Pastoral Escolar tem como miss\u00e3o estimular e envolver as pessoas que comp\u00f5em a comunidade educativa na evangeliza\u00e7\u00e3o, para fortalecer a identidade cat\u00f3lica da Escola, \u00e0 luz do Evangelho e do Carisma Congregacional. E para concretizar a a\u00e7\u00e3o da Pastoral Escolar s\u00e3o realizadas as seguintes atividades: Planejar, animar e zelar pela forma\u00e7\u00e3o continuada e viv\u00eancia&#8230;<\/p>\n","protected":false},"author":1,"featured_media":0,"parent":0,"menu_order":0,"comment_status":"closed","ping_status":"closed","template":"","meta":{"_acf_changed":false,"footnotes":""},"class_list":["post-51","page","type-page","status-publish","hentry"],"acf":[],"_links":{"self":[{"href":"https:\/\/www.acsc.com.br\/santacatarina\/wp-json\/wp\/v2\/pages\/51","targetHints":{"allow":["GET"]}}],"collection":[{"href":"https:\/\/www.acsc.com.br\/santacatarina\/wp-json\/wp\/v2\/pages"}],"about":[{"href":"https:\/\/www.acsc.com.br\/santacatarina\/wp-json\/wp\/v2\/types\/page"}],"author":[{"embeddable":true,"href":"https:\/\/www.acsc.com.br\/santacatarina\/wp-json\/wp\/v2\/users\/1"}],"replies":[{"embeddable":true,"href":"https:\/\/www.acsc.com.br\/santacatarina\/wp-json\/wp\/v2\/comments?post=51"}],"version-history":[{"count":3,"href":"https:\/\/www.acsc.com.br\/santacatarina\/wp-json\/wp\/v2\/pages\/51\/revisions"}],"predecessor-version":[{"id":422,"href":"https:\/\/www.acsc.com.br\/santacatarina\/wp-json\/wp\/v2\/pages\/51\/revisions\/422"}],"wp:attachment":[{"href":"https:\/\/www.acsc.com.br\/santacatarina\/wp-json\/wp\/v2\/media?parent=51"}],"curies":[{"name":"wp","href":"https:\/\/api.w.org\/{rel}","templated":true}]}}

<p style="text-align: justify;">A Pastoral Escolar tem como missão estimular e envolver as pessoas que compõem a comunidade educativa na evangelização, para fortalecer a identidade católica da Escola, à luz do Evangelho e do Carisma Congregacional.<br />
E para concretizar a ação da Pastoral Escolar são realizadas as seguintes atividades:</p>
<ul>
<li>Planejar, animar e zelar pela formação continuada e vivência da Educação Cristã Católica nas atividades escolares;</li>
<li>Promover e difundir o Carisma e a Espiritualidade da Bem-Aventurada Regina Protmann;</li>
<li>Organizar e realizar jornadas de formação com docentes, discentes e demais colaboradores;</li>
<li>Oportunizar momentos de reflexão, de oração e celebrações de datas específicas da comunidade escolar e eclesial.</li>
</ul>
<p><strong>Horário de atendimento:</strong> atendimento pessoal agendar horário no CIPE através do WhatsApp ou e-mail.<br />
<strong>E-mail de contato:</strong> pastoral@colegiosantanh.com.br.</p>

<p>A Pastoral Escolar tem como missão estimular e envolver as pessoas que compõem a comunidade educativa na evangelização, para fortalecer a identidade católica da Escola, à luz do Evangelho e do Carisma Congregacional. E para concretizar a ação da Pastoral Escolar são realizadas as seguintes atividades: Planejar, animar e zelar pela formação continuada e vivência&#8230;</p>
