{"id":49,"date":"2023-03-25T09:05:28","date_gmt":"2023-03-25T12:05:28","guid":{"rendered":"https:\/\/www.acsc.com.br\/santacatarina\/?page_id=49"},"modified":"2023-08-10T01:30:22","modified_gmt":"2023-08-10T04:30:22","slug":"biblioteca","status":"publish","type":"page","link":"https:\/\/www.acsc.com.br\/santacatarina\/biblioteca\/","title":{"rendered":"Biblioteca"},"content":{"rendered":"<p style=\"text-align: justify;\">A biblioteca \u00e9 o local onde o aluno realiza pesquisas e a retirada de livros para aprendizagem. \u00c9 um espa\u00e7o de desenvolvimento cognitivo e de incentivo \u00e0 leitura. Os alunos da educa\u00e7\u00e3o infantil ao 3\u00ba ano do fundamental utilizam a biblioteca todas as semanas em um determinado per\u00edodo com sua turma, onde \u00e9 realizada a hora do conto pela professora, no qual podem escolher um livro conforme sua faixa et\u00e1ria para realizarem a retirada. Os alunos do 4\u00ba ano tamb\u00e9m fazem a retirada de livro em um per\u00edodo da semana determinado, n\u00e3o sendo feita a hora do conto. Os alunos do 5\u00ba ano ao Ensino M\u00e9dio utilizam a biblioteca em momentos de pesquisa, como tamb\u00e9m podem retirar materiais solicitados pelo professor, como livros, dicion\u00e1rios, geoatlas, entre outros.<\/p>\n<p style=\"text-align: justify;\">Os alunos usam o per\u00edodo do recreio para consultar o acervo, retirar livros, acessar os computadores e utilizar o espa\u00e7o para realizar a leitura de livros. As trocas de per\u00edodo tamb\u00e9m s\u00e3o usadas para se realizar a retirada ou devolu\u00e7\u00e3o de livros, ou quando o professor autorizar vir \u00e0 biblioteca.<\/p>\n<p><strong>Hor\u00e1rio<\/strong>: segunda \u00e0 sexta-feira: das 7:30 \u00e0s 12:00 e das 13:10 \u00e0s 17:30.<br \/>\n<strong>E-mail:<\/strong> biblioteca@colegiosantanh.com.br<\/p>\n","protected":false},"excerpt":{"rendered":"<p>A biblioteca \u00e9 o local onde o aluno realiza pesquisas e a retirada de livros para aprendizagem. \u00c9 um espa\u00e7o de desenvolvimento cognitivo e de incentivo \u00e0 leitura. Os alunos da educa\u00e7\u00e3o infantil ao 3\u00ba ano do fundamental utilizam a biblioteca todas as semanas em um determinado per\u00edodo com sua turma, onde \u00e9 realizada a&#8230;<\/p>\n","protected":false},"author":1,"featured_media":0,"parent":0,"menu_order":0,"comment_status":"closed","ping_status":"closed","template":"","meta":{"_acf_changed":false,"footnotes":""},"class_list":["post-49","page","type-page","status-publish","hentry"],"acf":[],"_links":{"self":[{"href":"https:\/\/www.acsc.com.br\/santacatarina\/wp-json\/wp\/v2\/pages\/49","targetHints":{"allow":["GET"]}}],"collection":[{"href":"https:\/\/www.acsc.com.br\/santacatarina\/wp-json\/wp\/v2\/pages"}],"about":[{"href":"https:\/\/www.acsc.com.br\/santacatarina\/wp-json\/wp\/v2\/types\/page"}],"author":[{"embeddable":true,"href":"https:\/\/www.acsc.com.br\/santacatarina\/wp-json\/wp\/v2\/users\/1"}],"replies":[{"embeddable":true,"href":"https:\/\/www.acsc.com.br\/santacatarina\/wp-json\/wp\/v2\/comments?post=49"}],"version-history":[{"count":3,"href":"https:\/\/www.acsc.com.br\/santacatarina\/wp-json\/wp\/v2\/pages\/49\/revisions"}],"predecessor-version":[{"id":418,"href":"https:\/\/www.acsc.com.br\/santacatarina\/wp-json\/wp\/v2\/pages\/49\/revisions\/418"}],"wp:attachment":[{"href":"https:\/\/www.acsc.com.br\/santacatarina\/wp-json\/wp\/v2\/media?parent=49"}],"curies":[{"name":"wp","href":"https:\/\/api.w.org\/{rel}","templated":true}]}}

<p style="text-align: justify;">A biblioteca é o local onde o aluno realiza pesquisas e a retirada de livros para aprendizagem. É um espaço de desenvolvimento cognitivo e de incentivo à leitura. Os alunos da educação infantil ao 3º ano do fundamental utilizam a biblioteca todas as semanas em um determinado período com sua turma, onde é realizada a hora do conto pela professora, no qual podem escolher um livro conforme sua faixa etária para realizarem a retirada. Os alunos do 4º ano também fazem a retirada de livro em um período da semana determinado, não sendo feita a hora do conto. Os alunos do 5º ano ao Ensino Médio utilizam a biblioteca em momentos de pesquisa, como também podem retirar materiais solicitados pelo professor, como livros, dicionários, geoatlas, entre outros.</p>
<p style="text-align: justify;">Os alunos usam o período do recreio para consultar o acervo, retirar livros, acessar os computadores e utilizar o espaço para realizar a leitura de livros. As trocas de período também são usadas para se realizar a retirada ou devolução de livros, ou quando o professor autorizar vir à biblioteca.</p>
<p><strong>Horário</strong>: segunda à sexta-feira: das 7:30 às 12:00 e das 13:10 às 17:30.<br />
<strong>E-mail:</strong> biblioteca@colegiosantanh.com.br</p>

<p>A biblioteca é o local onde o aluno realiza pesquisas e a retirada de livros para aprendizagem. É um espaço de desenvolvimento cognitivo e de incentivo à leitura. Os alunos da educação infantil ao 3º ano do fundamental utilizam a biblioteca todas as semanas em um determinado período com sua turma, onde é realizada a&#8230;</p>
