{"id":35,"date":"2023-03-25T09:04:42","date_gmt":"2023-03-25T12:04:42","guid":{"rendered":"https:\/\/www.acsc.com.br\/santacatarina\/?page_id=35"},"modified":"2025-02-26T09:10:10","modified_gmt":"2025-02-26T12:10:10","slug":"novo-ensino-medio","status":"publish","type":"page","link":"https:\/\/www.acsc.com.br\/santacatarina\/novo-ensino-medio\/","title":{"rendered":"Ensino M\u00e9dio"},"content":{"rendered":"<p>O curr\u00edculo do Ensino M\u00e9dio ser\u00e1 composto pela Forma\u00e7\u00e3o Geral B\u00e1sica e por Itiner\u00e1rios Formativos. A Forma\u00e7\u00e3o Geral B\u00e1sica est\u00e1 organizada em 2400 horas, que compreende as \u00e1reas de Linguagens e suas tecnologias, Matem\u00e1tica e suas tecnologias, Ci\u00eancias da natureza e suas tecnologias, Ci\u00eancias humanas e sociais aplicadas. Os Itiner\u00e1rios Formativos est\u00e3o organizados em 600 horas, estruturados por diferentes arranjos curriculares, aprofundando o conhecimento na \u00e1rea de interesse atrav\u00e9s dos projetos de aprendizagem. O Projeto de Vida desenvolve e valoriza a diversidade de viv\u00eancia dos jovens, com suas m\u00faltiplas realidades. Desta forma, o aluno apropria-se de conhecimentos que possibilitam a compreens\u00e3o do mundo do trabalho e alinham suas escolhas ao seu Projeto de Vida, promovendo o desenvolvimento do ser integral.<\/p>\n<p><strong><em>Trilhas de aprofundamento\/Itiner\u00e1rio:<\/em><\/strong><\/p>\n<p><strong><em>Linguagens, matem\u00e1tica e suas tecnologias:<br \/>\n<\/em><\/strong>O itiner\u00e1rio e trilha de aprofundamento em matem\u00e1tica para o Ensino M\u00e9dio\u00a0pensa em como conectar os conte\u00fados a partir de uma progress\u00e3o l\u00f3gica e estimular o desenvolvimento de habilidades de pensamento cr\u00edtico e resolu\u00e7\u00e3o de problemas\u00a0utilizando estrat\u00e9gias e conceitos matem\u00e1ticos para interpretar situa\u00e7\u00f5es em diferentes contextos, como: socioecon\u00f4micas ou tecnol\u00f3gicas.<\/p>\n<p>Seus principais objetivos s\u00e3o:<\/p>\n<p>&#8211; Explorar a rela\u00e7\u00e3o entre matem\u00e1tica e tecnologia, especialmente no contexto de novas tecnologias e inova\u00e7\u00f5es para o mundo computacional.<br \/>\n&#8211; Aplicar conceitos matem\u00e1ticos a problemas do dia a dia, preparando os estudantes para quest\u00f5es pr\u00e1ticas e cidad\u00e3s.<br \/>\n&#8211; Aprofundar os conte\u00fados matem\u00e1ticos que servem de base para cursos de exatas.<br \/>\n&#8211; Explorar a rela\u00e7\u00e3o entre a matem\u00e1tica e as artes visuais e musicais, promovendo o pensamento criativo na escolha de propor\u00e7\u00f5es adequadas ou na aplica\u00e7\u00e3o de escalas.<\/p>\n<p><strong><em>Ci\u00eancias da natureza, Linguagens e suas tecnologias:<br \/>\n<\/em><\/strong>Este itiner\u00e1rio busca oferecer aos estudantes experi\u00eancias e reflex\u00f5es sobre as perspectivas da sa\u00fade na contemporaneidade, como forma para despert\u00e1-los para novas aprendizagens e possibilidades em seu projeto de vida.<\/p>\n<p>Seus principais objetivos s\u00e3o:<\/p>\n<p>&#8211; Explorar a sustentabilidade ambiental enquanto desenvolve habilidades de comunica\u00e7\u00e3o.<br \/>\n&#8211; Promover a compreens\u00e3o dos conceitos de sa\u00fade f\u00edsica e mental, articulados com a linguagem e comunica\u00e7\u00e3o.<br \/>\n&#8211; Explorar as rela\u00e7\u00f5es entre tecnologia, sociedade e meio ambiente, incentivando a reflex\u00e3o cr\u00edtica e a cria\u00e7\u00e3o de solu\u00e7\u00f5es inovadoras.<br \/>\n&#8211; Compreender a mudan\u00e7a da sa\u00fade ao longo do tempo, abordando a hist\u00f3ria da sa\u00fade no Brasil.<\/p>\n<p><strong>Linguagens e suas tecnologias e Ci\u00eancias Humanas e sociais aplicadas:<br \/>\n<\/strong>Este itiner\u00e1rio\u00a0busca compreender os processos que permeiam as rela\u00e7\u00f5es sociais de linguagem, respeitando as diversidades, atuar socialmente com princ\u00edpios e valores assentados na democracia, igualdade e direitos humanos.<\/p>\n<p>Seus principais objetivos s\u00e3o:<\/p>\n<p>&#8211; Promover a aprendizagem colaborativa, desenvolvendo nos estudantes a capacidade de trabalharem em equipe;<br \/>\n&#8211; Estimular atividades cooperativas para o enfrentamento dos desafios da comunidade, no mundo do trabalho e da sociedade em geral;<br \/>\n&#8211; Mobilizar pr\u00e1ticas de linguagem no universo digital para expandir as formas de comunica\u00e7\u00e3o;<br \/>\n&#8211; Desenvolver uma compreens\u00e3o e an\u00e1lise mais profunda e sistem\u00e1tica do funcionamento das diferentes linguagens;<br \/>\n&#8211; Ampliar as possibilidades de aprender, de atuar socialmente, de explicar e de interpretar criticamente os atos de linguagem;<br \/>\n&#8211; Compreender o funcionamento e a potencialidade dos recursos oferecidos pelas tecnologias digitais para o tratamento das linguagens.<\/p>\n<p><strong><em>Projeto de vida<br \/>\n<\/em><\/strong>Para garantir que os jovens sejam protagonistas de suas vidas e possam definir seu pr\u00f3prio Projeto de Vida, o Ensino M\u00e9dio tem como foco essa compet\u00eancia, que envolve os \u00e2mbitos acad\u00eamico, profissional, social e pessoal, a fim de alcan\u00e7ar a forma\u00e7\u00e3o integral dos estudantes, ao oferecer os conhecimentos necess\u00e1rios para atuarem no mercado de trabalho, tornarem-se cidad\u00e3os respons\u00e1veis e \u00e9ticos, e escolherem estilos de vida saud\u00e1veis e sustent\u00e1veis.<\/p>\n<p><strong>Hor\u00e1rio<br \/>\n<\/strong>Das 7h20min \u00e0s 12h40min<\/p>\n<p><strong>Orienta\u00e7\u00e3o Vocacional e Profissional<br \/>\n<\/strong>Atrav\u00e9s de encontros com profissionais da \u00e1rea os alunos ser\u00e3o convidados a se aproximar do esp\u00edrito universit\u00e1rio e inovador possibilitando um desenho de futuro quanto a carreiras, cursos e universidades brasileiras ou estrangeiras.<\/p>\n<p><strong>Prepara\u00e7\u00e3o para ENEM e Vestibulares<br \/>\n<\/strong>O estudante participa de simulados, palestras e atividades.<\/p>\n<p><strong>Sa\u00eddas de estudo<br \/>\n<\/strong>Em universidades, momentos culturais (museus, teatros) s\u00e3o realizadas para complementar os conte\u00fados desenvolvidos de forma multidisciplinar.<\/p>\n<p><strong>Projeto de Aux\u00edlio \u00e0 Aprendizagem (PAA)<br \/>\n<\/strong>Atendimentos em turno contr\u00e1rio, em hor\u00e1rios especiais com professores especializados em L\u00edngua Portuguesa, Matem\u00e1tica, Biologia, F\u00edsica e Qu\u00edmica.<\/p>\n<p><strong>Mostra Multidisciplinar<\/strong><\/p>\n<p>Mostra de Inicia\u00e7\u00e3o Cient\u00edfica e Tecnol\u00f3gica que ocorre anualmente, dentro do ambiente escolar, favorecendo a pesquisa, o senso cr\u00edtico, trabalho em equipe e a an\u00e1lise do papel do indiv\u00edduo na sociedade, atrav\u00e9s de processos de interven\u00e7\u00e3o positiva.<\/p>\n<p><strong>Venha para o Santa e seja o Protagonista da sua Hist\u00f3ria!<\/strong><\/p>\n<p>&nbsp;<\/p>\n","protected":false},"excerpt":{"rendered":"<p>O curr\u00edculo do Ensino M\u00e9dio ser\u00e1 composto pela Forma\u00e7\u00e3o Geral B\u00e1sica e por Itiner\u00e1rios Formativos. A Forma\u00e7\u00e3o Geral B\u00e1sica est\u00e1 organizada em 2400 horas, que compreende as \u00e1reas de Linguagens e suas tecnologias, Matem\u00e1tica e suas tecnologias, Ci\u00eancias da natureza e suas tecnologias, Ci\u00eancias humanas e sociais aplicadas. Os Itiner\u00e1rios Formativos est\u00e3o organizados em 600&#8230;<\/p>\n","protected":false},"author":1,"featured_media":0,"parent":0,"menu_order":0,"comment_status":"closed","ping_status":"closed","template":"","meta":{"_acf_changed":false,"footnotes":""},"class_list":["post-35","page","type-page","status-publish","hentry"],"acf":[],"_links":{"self":[{"href":"https:\/\/www.acsc.com.br\/santacatarina\/wp-json\/wp\/v2\/pages\/35","targetHints":{"allow":["GET"]}}],"collection":[{"href":"https:\/\/www.acsc.com.br\/santacatarina\/wp-json\/wp\/v2\/pages"}],"about":[{"href":"https:\/\/www.acsc.com.br\/santacatarina\/wp-json\/wp\/v2\/types\/page"}],"author":[{"embeddable":true,"href":"https:\/\/www.acsc.com.br\/santacatarina\/wp-json\/wp\/v2\/users\/1"}],"replies":[{"embeddable":true,"href":"https:\/\/www.acsc.com.br\/santacatarina\/wp-json\/wp\/v2\/comments?post=35"}],"version-history":[{"count":13,"href":"https:\/\/www.acsc.com.br\/santacatarina\/wp-json\/wp\/v2\/pages\/35\/revisions"}],"predecessor-version":[{"id":1067,"href":"https:\/\/www.acsc.com.br\/santacatarina\/wp-json\/wp\/v2\/pages\/35\/revisions\/1067"}],"wp:attachment":[{"href":"https:\/\/www.acsc.com.br\/santacatarina\/wp-json\/wp\/v2\/media?parent=35"}],"curies":[{"name":"wp","href":"https:\/\/api.w.org\/{rel}","templated":true}]}}

Ensino Médio

<p>O currículo do Ensino Médio será composto pela Formação Geral Básica e por Itinerários Formativos. A Formação Geral Básica está organizada em 2400 horas, que compreende as áreas de Linguagens e suas tecnologias, Matemática e suas tecnologias, Ciências da natureza e suas tecnologias, Ciências humanas e sociais aplicadas. Os Itinerários Formativos estão organizados em 600 horas, estruturados por diferentes arranjos curriculares, aprofundando o conhecimento na área de interesse através dos projetos de aprendizagem. O Projeto de Vida desenvolve e valoriza a diversidade de vivência dos jovens, com suas múltiplas realidades. Desta forma, o aluno apropria-se de conhecimentos que possibilitam a compreensão do mundo do trabalho e alinham suas escolhas ao seu Projeto de Vida, promovendo o desenvolvimento do ser integral.</p>
<p><strong><em>Trilhas de aprofundamento/Itinerário:</em></strong></p>
<p><strong><em>Linguagens, matemática e suas tecnologias:<br />
</em></strong>O itinerário e trilha de aprofundamento em matemática para o Ensino Médio pensa em como conectar os conteúdos a partir de uma progressão lógica e estimular o desenvolvimento de habilidades de pensamento crítico e resolução de problemas utilizando estratégias e conceitos matemáticos para interpretar situações em diferentes contextos, como: socioeconômicas ou tecnológicas.</p>
<p>Seus principais objetivos são:</p>
<p>&#8211; Explorar a relação entre matemática e tecnologia, especialmente no contexto de novas tecnologias e inovações para o mundo computacional.<br />
&#8211; Aplicar conceitos matemáticos a problemas do dia a dia, preparando os estudantes para questões práticas e cidadãs.<br />
&#8211; Aprofundar os conteúdos matemáticos que servem de base para cursos de exatas.<br />
&#8211; Explorar a relação entre a matemática e as artes visuais e musicais, promovendo o pensamento criativo na escolha de proporções adequadas ou na aplicação de escalas.</p>
<p><strong><em>Ciências da natureza, Linguagens e suas tecnologias:<br />
</em></strong>Este itinerário busca oferecer aos estudantes experiências e reflexões sobre as perspectivas da saúde na contemporaneidade, como forma para despertá-los para novas aprendizagens e possibilidades em seu projeto de vida.</p>
<p>Seus principais objetivos são:</p>
<p>&#8211; Explorar a sustentabilidade ambiental enquanto desenvolve habilidades de comunicação.<br />
&#8211; Promover a compreensão dos conceitos de saúde física e mental, articulados com a linguagem e comunicação.<br />
&#8211; Explorar as relações entre tecnologia, sociedade e meio ambiente, incentivando a reflexão crítica e a criação de soluções inovadoras.<br />
&#8211; Compreender a mudança da saúde ao longo do tempo, abordando a história da saúde no Brasil.</p>
<p><strong>Linguagens e suas tecnologias e Ciências Humanas e sociais aplicadas:<br />
</strong>Este itinerário busca compreender os processos que permeiam as relações sociais de linguagem, respeitando as diversidades, atuar socialmente com princípios e valores assentados na democracia, igualdade e direitos humanos.</p>
<p>Seus principais objetivos são:</p>
<p>&#8211; Promover a aprendizagem colaborativa, desenvolvendo nos estudantes a capacidade de trabalharem em equipe;<br />
&#8211; Estimular atividades cooperativas para o enfrentamento dos desafios da comunidade, no mundo do trabalho e da sociedade em geral;<br />
&#8211; Mobilizar práticas de linguagem no universo digital para expandir as formas de comunicação;<br />
&#8211; Desenvolver uma compreensão e análise mais profunda e sistemática do funcionamento das diferentes linguagens;<br />
&#8211; Ampliar as possibilidades de aprender, de atuar socialmente, de explicar e de interpretar criticamente os atos de linguagem;<br />
&#8211; Compreender o funcionamento e a potencialidade dos recursos oferecidos pelas tecnologias digitais para o tratamento das linguagens.</p>
<p><strong><em>Projeto de vida<br />
</em></strong>Para garantir que os jovens sejam protagonistas de suas vidas e possam definir seu próprio Projeto de Vida, o Ensino Médio tem como foco essa competência, que envolve os âmbitos acadêmico, profissional, social e pessoal, a fim de alcançar a formação integral dos estudantes, ao oferecer os conhecimentos necessários para atuarem no mercado de trabalho, tornarem-se cidadãos responsáveis e éticos, e escolherem estilos de vida saudáveis e sustentáveis.</p>
<p><strong>Horário<br />
</strong>Das 7h20min às 12h40min</p>
<p><strong>Orientação Vocacional e Profissional<br />
</strong>Através de encontros com profissionais da área os alunos serão convidados a se aproximar do espírito universitário e inovador possibilitando um desenho de futuro quanto a carreiras, cursos e universidades brasileiras ou estrangeiras.</p>
<p><strong>Preparação para ENEM e Vestibulares<br />
</strong>O estudante participa de simulados, palestras e atividades.</p>
<p><strong>Saídas de estudo<br />
</strong>Em universidades, momentos culturais (museus, teatros) são realizadas para complementar os conteúdos desenvolvidos de forma multidisciplinar.</p>
<p><strong>Projeto de Auxílio à Aprendizagem (PAA)<br />
</strong>Atendimentos em turno contrário, em horários especiais com professores especializados em Língua Portuguesa, Matemática, Biologia, Física e Química.</p>
<p><strong>Mostra Multidisciplinar</strong></p>
<p>Mostra de Iniciação Científica e Tecnológica que ocorre anualmente, dentro do ambiente escolar, favorecendo a pesquisa, o senso crítico, trabalho em equipe e a análise do papel do indivíduo na sociedade, através de processos de intervenção positiva.</p>
<p><strong>Venha para o Santa e seja o Protagonista da sua História!</strong></p>
<p>&nbsp;</p>

<p>O currículo do Ensino Médio será composto pela Formação Geral Básica e por Itinerários Formativos. A Formação Geral Básica está organizada em 2400 horas, que compreende as áreas de Linguagens e suas tecnologias, Matemática e suas tecnologias, Ciências da natureza e suas tecnologias, Ciências humanas e sociais aplicadas. Os Itinerários Formativos estão organizados em 600&#8230;</p>
