{"id":333,"date":"2023-04-17T12:05:59","date_gmt":"2023-04-17T15:05:59","guid":{"rendered":"https:\/\/www.acsc.com.br\/santacatarina\/?page_id=333"},"modified":"2023-04-17T12:05:59","modified_gmt":"2023-04-17T15:05:59","slug":"gesc","status":"publish","type":"page","link":"https:\/\/www.acsc.com.br\/santacatarina\/gesc\/","title":{"rendered":"GESC"},"content":{"rendered":"<p><b>O que \u00e9 o GESC<\/b><\/p>\n<p>&nbsp;<\/p>\n<p><span style=\"font-weight: 400;\">GESC &#8211; \u00e9 o Gr\u00eamio Estudantil do Col\u00e9gio Santa Catarina. Ao final de cada ano letivo \u00e9 feita a escolha de novos integrantes, sendo feita pelos pr\u00f3prios alunos. <\/span><span style=\"font-weight: 400;\">No primeiro dia de aula do ano seguinte \u00e9 feita a posse da nova diretoria.<\/span><\/p>\n<p><span style=\"font-weight: 400;\">As atividades planejadas pelo GESC contemplam da Educa\u00e7\u00e3o Infantil ao Ensino M\u00e9dio, visando recrea\u00e7\u00e3o, palestras e entretenimento.<\/span><\/p>\n","protected":false},"excerpt":{"rendered":"<p>O que \u00e9 o GESC &nbsp; GESC &#8211; \u00e9 o Gr\u00eamio Estudantil do Col\u00e9gio Santa Catarina. Ao final de cada ano letivo \u00e9 feita a escolha de novos integrantes, sendo feita pelos pr\u00f3prios alunos. No primeiro dia de aula do ano seguinte \u00e9 feita a posse da nova diretoria. As atividades planejadas pelo GESC contemplam&#8230;<\/p>\n","protected":false},"author":1,"featured_media":0,"parent":0,"menu_order":0,"comment_status":"closed","ping_status":"closed","template":"","meta":{"_acf_changed":false,"footnotes":""},"class_list":["post-333","page","type-page","status-publish","hentry"],"acf":[],"_links":{"self":[{"href":"https:\/\/www.acsc.com.br\/santacatarina\/wp-json\/wp\/v2\/pages\/333","targetHints":{"allow":["GET"]}}],"collection":[{"href":"https:\/\/www.acsc.com.br\/santacatarina\/wp-json\/wp\/v2\/pages"}],"about":[{"href":"https:\/\/www.acsc.com.br\/santacatarina\/wp-json\/wp\/v2\/types\/page"}],"author":[{"embeddable":true,"href":"https:\/\/www.acsc.com.br\/santacatarina\/wp-json\/wp\/v2\/users\/1"}],"replies":[{"embeddable":true,"href":"https:\/\/www.acsc.com.br\/santacatarina\/wp-json\/wp\/v2\/comments?post=333"}],"version-history":[{"count":1,"href":"https:\/\/www.acsc.com.br\/santacatarina\/wp-json\/wp\/v2\/pages\/333\/revisions"}],"predecessor-version":[{"id":334,"href":"https:\/\/www.acsc.com.br\/santacatarina\/wp-json\/wp\/v2\/pages\/333\/revisions\/334"}],"wp:attachment":[{"href":"https:\/\/www.acsc.com.br\/santacatarina\/wp-json\/wp\/v2\/media?parent=333"}],"curies":[{"name":"wp","href":"https:\/\/api.w.org\/{rel}","templated":true}]}}

<p><b>O que é o GESC</b></p>
<p>&nbsp;</p>
<p><span style="font-weight: 400;">GESC &#8211; é o Grêmio Estudantil do Colégio Santa Catarina. Ao final de cada ano letivo é feita a escolha de novos integrantes, sendo feita pelos próprios alunos. </span><span style="font-weight: 400;">No primeiro dia de aula do ano seguinte é feita a posse da nova diretoria.</span></p>
<p><span style="font-weight: 400;">As atividades planejadas pelo GESC contemplam da Educação Infantil ao Ensino Médio, visando recreação, palestras e entretenimento.</span></p>

<p>O que é o GESC &nbsp; GESC &#8211; é o Grêmio Estudantil do Colégio Santa Catarina. Ao final de cada ano letivo é feita a escolha de novos integrantes, sendo feita pelos próprios alunos. No primeiro dia de aula do ano seguinte é feita a posse da nova diretoria. As atividades planejadas pelo GESC contemplam&#8230;</p>
