{"id":329,"date":"2023-04-17T12:05:12","date_gmt":"2023-04-17T15:05:12","guid":{"rendered":"https:\/\/www.acsc.com.br\/santacatarina\/?page_id=329"},"modified":"2025-03-06T20:08:19","modified_gmt":"2025-03-06T23:08:19","slug":"pjesc","status":"publish","type":"page","link":"https:\/\/www.acsc.com.br\/santacatarina\/pjesc\/","title":{"rendered":"PJESC e Pjesquinhos"},"content":{"rendered":"<p style=\"text-align: justify;\">Os projetos Pjesquinhos e PJESC em a\u00e7\u00e3o, implementados no ano de 2024, s\u00e3o um conjunto de a\u00e7\u00f5es pr\u00e1ticas e sociais que visam acolher ainda mais os alunos do Col\u00e9gio Santa Catarina e educ\u00e1-los dentro de cen\u00e1rios humanos e coletivos.<\/p>\n<p style=\"text-align: justify;\">Com o objetivo de proporcionar aos alunos a viv\u00eancia do voluntariado, o projeto PJESC em a\u00e7\u00e3o \u00e9 voltado para os alunos do Ensino M\u00e9dio que desejam ir a institui\u00e7\u00f5es sociais acolher ao pr\u00f3ximo, fazendo atividades l\u00fadicas e outras a\u00e7\u00f5es que servem como colabora\u00e7\u00f5es com a sociedade e com as rela\u00e7\u00f5es humanas, em conjunto com a Pastoral escolar.<\/p>\n<p style=\"text-align: justify;\">Os encontros acontecem uma vez por m\u00eas, no per\u00edodo da tarde, com o acompanhamento das assessoras da Pastoral da Juventude Estudantil.<\/p>\n<p style=\"text-align: justify;\">Como extens\u00e3o da Pastoral da Juventude Estudantil do Col\u00e9gio Santa Catarina (PJESC), o projeto Pjesquinhos foi criado para os alunos do 3\u00b0 e 4\u00b0ano do Ensino Fundamental, com a inten\u00e7\u00e3o de trabalhar os valores e virtudes que todas as religi\u00f5es t\u00eam em comum e de desenvolver a autonomia e responsabilidade social nos estudantes mais jovens, para que assim, eles possam levar o esp\u00edrito de lideran\u00e7a jovem para suas vidas e experi\u00eancias exteriores.<\/p>\n<p style=\"text-align: justify;\"><strong>Hor\u00e1rios de Encontros<\/strong>: consultar disponibilidade de vagas.<\/p>\n<p style=\"text-align: justify;\"><strong>Local:<\/strong>\u00a0Casa de Reflex\u00e3o do Santa.<\/p>\n","protected":false},"excerpt":{"rendered":"<p>Os projetos Pjesquinhos e PJESC em a\u00e7\u00e3o, implementados no ano de 2024, s\u00e3o um conjunto de a\u00e7\u00f5es pr\u00e1ticas e sociais que visam acolher ainda mais os alunos do Col\u00e9gio Santa Catarina e educ\u00e1-los dentro de cen\u00e1rios humanos e coletivos. Com o objetivo de proporcionar aos alunos a viv\u00eancia do voluntariado, o projeto PJESC em a\u00e7\u00e3o&#8230;<\/p>\n","protected":false},"author":1,"featured_media":0,"parent":0,"menu_order":0,"comment_status":"closed","ping_status":"closed","template":"","meta":{"_acf_changed":false,"footnotes":""},"class_list":["post-329","page","type-page","status-publish","hentry"],"acf":[],"_links":{"self":[{"href":"https:\/\/www.acsc.com.br\/santacatarina\/wp-json\/wp\/v2\/pages\/329","targetHints":{"allow":["GET"]}}],"collection":[{"href":"https:\/\/www.acsc.com.br\/santacatarina\/wp-json\/wp\/v2\/pages"}],"about":[{"href":"https:\/\/www.acsc.com.br\/santacatarina\/wp-json\/wp\/v2\/types\/page"}],"author":[{"embeddable":true,"href":"https:\/\/www.acsc.com.br\/santacatarina\/wp-json\/wp\/v2\/users\/1"}],"replies":[{"embeddable":true,"href":"https:\/\/www.acsc.com.br\/santacatarina\/wp-json\/wp\/v2\/comments?post=329"}],"version-history":[{"count":3,"href":"https:\/\/www.acsc.com.br\/santacatarina\/wp-json\/wp\/v2\/pages\/329\/revisions"}],"predecessor-version":[{"id":1120,"href":"https:\/\/www.acsc.com.br\/santacatarina\/wp-json\/wp\/v2\/pages\/329\/revisions\/1120"}],"wp:attachment":[{"href":"https:\/\/www.acsc.com.br\/santacatarina\/wp-json\/wp\/v2\/media?parent=329"}],"curies":[{"name":"wp","href":"https:\/\/api.w.org\/{rel}","templated":true}]}}

<p style="text-align: justify;">Os projetos Pjesquinhos e PJESC em ação, implementados no ano de 2024, são um conjunto de ações práticas e sociais que visam acolher ainda mais os alunos do Colégio Santa Catarina e educá-los dentro de cenários humanos e coletivos.</p>
<p style="text-align: justify;">Com o objetivo de proporcionar aos alunos a vivência do voluntariado, o projeto PJESC em ação é voltado para os alunos do Ensino Médio que desejam ir a instituições sociais acolher ao próximo, fazendo atividades lúdicas e outras ações que servem como colaborações com a sociedade e com as relações humanas, em conjunto com a Pastoral escolar.</p>
<p style="text-align: justify;">Os encontros acontecem uma vez por mês, no período da tarde, com o acompanhamento das assessoras da Pastoral da Juventude Estudantil.</p>
<p style="text-align: justify;">Como extensão da Pastoral da Juventude Estudantil do Colégio Santa Catarina (PJESC), o projeto Pjesquinhos foi criado para os alunos do 3° e 4°ano do Ensino Fundamental, com a intenção de trabalhar os valores e virtudes que todas as religiões têm em comum e de desenvolver a autonomia e responsabilidade social nos estudantes mais jovens, para que assim, eles possam levar o espírito de liderança jovem para suas vidas e experiências exteriores.</p>
<p style="text-align: justify;"><strong>Horários de Encontros</strong>: consultar disponibilidade de vagas.</p>
<p style="text-align: justify;"><strong>Local:</strong> Casa de Reflexão do Santa.</p>

<p>Os projetos Pjesquinhos e PJESC em ação, implementados no ano de 2024, são um conjunto de ações práticas e sociais que visam acolher ainda mais os alunos do Colégio Santa Catarina e educá-los dentro de cenários humanos e coletivos. Com o objetivo de proporcionar aos alunos a vivência do voluntariado, o projeto PJESC em ação&#8230;</p>
