{"id":29,"date":"2023-03-25T09:04:14","date_gmt":"2023-03-25T12:04:14","guid":{"rendered":"https:\/\/www.acsc.com.br\/santacatarina\/?page_id=29"},"modified":"2025-05-09T09:10:32","modified_gmt":"2025-05-09T12:10:32","slug":"educacao-infantil","status":"publish","type":"page","link":"https:\/\/www.acsc.com.br\/santacatarina\/educacao-infantil\/","title":{"rendered":"Educa\u00e7\u00e3o Infantil"},"content":{"rendered":"<section class=\"l-section wpb_row height_medium\"><div class=\"l-section-h i-cf\"><div class=\"g-cols vc_row via_grid cols_1 laptops-cols_inherit tablets-cols_inherit mobiles-cols_1 valign_top type_default stacking_default\"><div class=\"wpb_column vc_column_container\"><div class=\"vc_column-inner\"><div class=\"wpb_text_column\"><div class=\"wpb_wrapper\"><p style=\"text-align: justify;\"><b>Educa\u00e7\u00e3o Infantil<br \/>\n<\/b>\u00c9 na Educa\u00e7\u00e3o Infantil que a crian\u00e7a come\u00e7a a ter um conv\u00edvio social al\u00e9m do n\u00facleo familiar. Ou seja, \u00e9 um momento importante para que o indiv\u00edduo aprenda a se relacionar e viver em sociedade, desenvolvendo habilidades fundamentais \u00e0 forma\u00e7\u00e3o humana, al\u00e9m das capacidades cognitivas e motoras. Levando em considera\u00e7\u00e3o a excel\u00eancia de ensino no Santa, as atividades, bem como o curr\u00edculo, s\u00e3o planejados na constru\u00e7\u00e3o de conhecimento do mundo e no fortalecimento do encantamento e da F\u00e9 Crist\u00e3 que oportuniza o desenvolvimento de habilidades fundamentais em estrat\u00e9gias organizadas a tornar o dia prazeroso e produtivo.<\/p>\n<p style=\"text-align: justify;\">No Col\u00e9gio Santa Catarina, contamos com o diferencial de ter professores que lecionam \u00e1reas exclusivas aos pequenos, como: ingl\u00eas e m\u00fasica. Para que o aluno consiga desenvolver habilidades em mat\u00e9rias\u00a0que ir\u00e3o agregar o seu aprendizado futuramente.<\/p>\n<p style=\"text-align: justify;\">Este nivelamento tamb\u00e9m conta com aulas de nata\u00e7\u00e3o no Complexo de Piscinas uma vez por semana, permitindo que o aluno pratique atividades l\u00fadicas e recreativas envolvendo a quest\u00e3o da \u00e1gua, desenvolvendo a sua capacidade motora.<\/p>\n<p style=\"text-align: justify;\"><b>Mind Makers<br \/>\n<\/b>Na Educa\u00e7\u00e3o Infantil, os alunos d\u00e3o os primeiros passos no projeto Mind Makers, explorando a disciplina de Mundo Computacional de forma l\u00fadica e interativa. Atrav\u00e9s de atividades pr\u00e1ticas e din\u00e2micas, as crian\u00e7as desenvolvem habilidades como pensamento l\u00f3gico, resolu\u00e7\u00e3o de problemas e criatividade, elementos essenciais para a constru\u00e7\u00e3o do racioc\u00ednio computacional.<\/p>\n<p style=\"text-align: justify;\">Esse aprendizado vai muito al\u00e9m da tecnologia: ele estimula a autonomia, o trabalho em equipe e a capacidade de adapta\u00e7\u00e3o, preparando os pequenos para desafios futuros de maneira natural e divertida.<\/p>\n<\/div><\/div><div class=\"w-separator size_medium\"><\/div><div class=\"w-btn-wrapper align_left\"><a class=\"w-btn us-btn-style_1 icon_atleft\" href=\"https:\/\/www.acsc.com.br\/santacatarina\/wp-content\/uploads\/sites\/2\/2025\/05\/Padroes-Curriculares-Mind-Makers.pdf\"><i class=\"fas fa-fas fa-file-pdf\"><\/i><span class=\"w-btn-label\">Padr\u00f5es Curriculares &#8211; Mind Makers<\/span><\/a><\/div><div class=\"w-separator size_medium\"><\/div><div class=\"wpb_text_column\"><div class=\"wpb_wrapper\"><p><b>Faixa Et\u00e1ria<\/b><\/p>\n<p><b>Creche II &#8211;<\/b><span style=\"font-weight: 400;\"> 2 anos a 2 anos e 11 meses<br \/>\n<\/span><b>Creche III &#8211;<\/b><span style=\"font-weight: 400;\"> 3 anos a 3 anos e 11 meses<br \/>\n<\/span><b>Pr\u00e9-escola N\u00edvel I \u2013<\/b><span style=\"font-weight: 400;\"> 4 anos a 4 anos e 11 meses<br \/>\n<\/span><b>Pr\u00e9-escola N\u00edvel II \u2013<\/b><span style=\"font-weight: 400;\"> 5 anos a 5 anos e 11 meses<\/span><\/p>\n<p style=\"text-align: justify;\"><b>Hor\u00e1rios<\/b><\/p>\n<p><b>Manh\u00e3 \u2013<\/b><span style=\"font-weight: 400;\"> das 7h20min \u00e0s 11h45min<br \/>\n<\/span><b>Tarde \u2013<\/b><span style=\"font-weight: 400;\"> das 13h10 min \u00e0s 17h35min<\/span><\/p>\n<div class=\"w-gallery cols_5 link_file\"><div class=\"w-gallery-list\"><a class=\"w-gallery-item order_1\" href=\"https:\/\/www.acsc.com.br\/santacatarina\/wp-content\/uploads\/sites\/2\/2023\/08\/DSC07002.jpg\" title=\"DSC07002\"><div class=\"w-gallery-item-img\"><img loading=\"lazy\" decoding=\"async\" width=\"150\" height=\"150\" src=\"https:\/\/www.acsc.com.br\/santacatarina\/wp-content\/uploads\/sites\/2\/2023\/08\/DSC07002-150x150.jpg\" class=\"attachment-thumbnail size-thumbnail\" alt=\"\" \/><\/div><\/a><a class=\"w-gallery-item order_2\" href=\"https:\/\/www.acsc.com.br\/santacatarina\/wp-content\/uploads\/sites\/2\/2023\/08\/DSC07000-1.jpg\" title=\"DSC07000 (1)\"><div class=\"w-gallery-item-img\"><img loading=\"lazy\" decoding=\"async\" width=\"150\" height=\"150\" src=\"https:\/\/www.acsc.com.br\/santacatarina\/wp-content\/uploads\/sites\/2\/2023\/08\/DSC07000-1-150x150.jpg\" class=\"attachment-thumbnail size-thumbnail\" alt=\"\" \/><\/div><\/a><a class=\"w-gallery-item order_3\" href=\"https:\/\/www.acsc.com.br\/santacatarina\/wp-content\/uploads\/sites\/2\/2023\/08\/DSC07009.jpg\" title=\"DSC07009\"><div class=\"w-gallery-item-img\"><img loading=\"lazy\" decoding=\"async\" width=\"150\" height=\"150\" src=\"https:\/\/www.acsc.com.br\/santacatarina\/wp-content\/uploads\/sites\/2\/2023\/08\/DSC07009-150x150.jpg\" class=\"attachment-thumbnail size-thumbnail\" alt=\"\" \/><\/div><\/a><a class=\"w-gallery-item order_4\" href=\"https:\/\/www.acsc.com.br\/santacatarina\/wp-content\/uploads\/sites\/2\/2023\/08\/DSC07052.jpg\" title=\"DSC07052\"><div class=\"w-gallery-item-img\"><img loading=\"lazy\" decoding=\"async\" width=\"150\" height=\"150\" src=\"https:\/\/www.acsc.com.br\/santacatarina\/wp-content\/uploads\/sites\/2\/2023\/08\/DSC07052-150x150.jpg\" class=\"attachment-thumbnail size-thumbnail\" alt=\"\" \/><\/div><\/a><\/div><\/div>\n<\/div><\/div><\/div><\/div><\/div><\/div><\/section>\n","protected":false},"excerpt":{"rendered":"Educa\u00e7\u00e3o Infantil \u00c9 na Educa\u00e7\u00e3o Infantil que a crian\u00e7a come\u00e7a a ter um conv\u00edvio social al\u00e9m do n\u00facleo familiar. Ou seja, \u00e9 um momento importante para que o indiv\u00edduo aprenda a se relacionar e viver em sociedade, desenvolvendo habilidades fundamentais \u00e0 forma\u00e7\u00e3o humana, al\u00e9m das capacidades cognitivas e motoras. Levando em considera\u00e7\u00e3o a excel\u00eancia de...","protected":false},"author":1,"featured_media":0,"parent":0,"menu_order":0,"comment_status":"closed","ping_status":"closed","template":"","meta":{"_acf_changed":false,"footnotes":""},"class_list":["post-29","page","type-page","status-publish","hentry"],"acf":[],"_links":{"self":[{"href":"https:\/\/www.acsc.com.br\/santacatarina\/wp-json\/wp\/v2\/pages\/29","targetHints":{"allow":["GET"]}}],"collection":[{"href":"https:\/\/www.acsc.com.br\/santacatarina\/wp-json\/wp\/v2\/pages"}],"about":[{"href":"https:\/\/www.acsc.com.br\/santacatarina\/wp-json\/wp\/v2\/types\/page"}],"author":[{"embeddable":true,"href":"https:\/\/www.acsc.com.br\/santacatarina\/wp-json\/wp\/v2\/users\/1"}],"replies":[{"embeddable":true,"href":"https:\/\/www.acsc.com.br\/santacatarina\/wp-json\/wp\/v2\/comments?post=29"}],"version-history":[{"count":12,"href":"https:\/\/www.acsc.com.br\/santacatarina\/wp-json\/wp\/v2\/pages\/29\/revisions"}],"predecessor-version":[{"id":1242,"href":"https:\/\/www.acsc.com.br\/santacatarina\/wp-json\/wp\/v2\/pages\/29\/revisions\/1242"}],"wp:attachment":[{"href":"https:\/\/www.acsc.com.br\/santacatarina\/wp-json\/wp\/v2\/media?parent=29"}],"curies":[{"name":"wp","href":"https:\/\/api.w.org\/{rel}","templated":true}]}}

Educação Infantil

<section class="l-section wpb_row height_medium"><div class="l-section-h i-cf"><div class="g-cols vc_row via_grid cols_1 laptops-cols_inherit tablets-cols_inherit mobiles-cols_1 valign_top type_default stacking_default"><div class="wpb_column vc_column_container"><div class="vc_column-inner"><div class="wpb_text_column"><div class="wpb_wrapper"><p style="text-align: justify;"><b>Educação Infantil<br />
</b>É na Educação Infantil que a criança começa a ter um convívio social além do núcleo familiar. Ou seja, é um momento importante para que o indivíduo aprenda a se relacionar e viver em sociedade, desenvolvendo habilidades fundamentais à formação humana, além das capacidades cognitivas e motoras. Levando em consideração a excelência de ensino no Santa, as atividades, bem como o currículo, são planejados na construção de conhecimento do mundo e no fortalecimento do encantamento e da Fé Cristã que oportuniza o desenvolvimento de habilidades fundamentais em estratégias organizadas a tornar o dia prazeroso e produtivo.</p>
<p style="text-align: justify;">No Colégio Santa Catarina, contamos com o diferencial de ter professores que lecionam áreas exclusivas aos pequenos, como: inglês e música. Para que o aluno consiga desenvolver habilidades em matérias que irão agregar o seu aprendizado futuramente.</p>
<p style="text-align: justify;">Este nivelamento também conta com aulas de natação no Complexo de Piscinas uma vez por semana, permitindo que o aluno pratique atividades lúdicas e recreativas envolvendo a questão da água, desenvolvendo a sua capacidade motora.</p>
<p style="text-align: justify;"><b>Mind Makers<br />
</b>Na Educação Infantil, os alunos dão os primeiros passos no projeto Mind Makers, explorando a disciplina de Mundo Computacional de forma lúdica e interativa. Através de atividades práticas e dinâmicas, as crianças desenvolvem habilidades como pensamento lógico, resolução de problemas e criatividade, elementos essenciais para a construção do raciocínio computacional.</p>
<p style="text-align: justify;">Esse aprendizado vai muito além da tecnologia: ele estimula a autonomia, o trabalho em equipe e a capacidade de adaptação, preparando os pequenos para desafios futuros de maneira natural e divertida.</p>
</div></div><div class="w-separator size_medium"></div><div class="w-btn-wrapper align_left"><a class="w-btn us-btn-style_1 icon_atleft" href="https://www.acsc.com.br/santacatarina/wp-content/uploads/sites/2/2025/05/Padroes-Curriculares-Mind-Makers.pdf"><i class="fas fa-fas fa-file-pdf"></i><span class="w-btn-label">Padrões Curriculares &#8211; Mind Makers</span></a></div><div class="w-separator size_medium"></div><div class="wpb_text_column"><div class="wpb_wrapper"><p><b>Faixa Etária</b></p>
<p><b>Creche II &#8211;</b><span style="font-weight: 400;"> 2 anos a 2 anos e 11 meses<br />
</span><b>Creche III &#8211;</b><span style="font-weight: 400;"> 3 anos a 3 anos e 11 meses<br />
</span><b>Pré-escola Nível I –</b><span style="font-weight: 400;"> 4 anos a 4 anos e 11 meses<br />
</span><b>Pré-escola Nível II –</b><span style="font-weight: 400;"> 5 anos a 5 anos e 11 meses</span></p>
<p style="text-align: justify;"><b>Horários</b></p>
<p><b>Manhã –</b><span style="font-weight: 400;"> das 7h20min às 11h45min<br />
</span><b>Tarde –</b><span style="font-weight: 400;"> das 13h10 min às 17h35min</span></p>
<div class="w-gallery cols_5 link_file"><div class="w-gallery-list"><a class="w-gallery-item order_1" href="https://www.acsc.com.br/santacatarina/wp-content/uploads/sites/2/2023/08/DSC07002.jpg" title="DSC07002"><div class="w-gallery-item-img"><img loading="lazy" decoding="async" width="150" height="150" src="https://www.acsc.com.br/santacatarina/wp-content/uploads/sites/2/2023/08/DSC07002-150x150.jpg" class="attachment-thumbnail size-thumbnail" alt="" /></div></a><a class="w-gallery-item order_2" href="https://www.acsc.com.br/santacatarina/wp-content/uploads/sites/2/2023/08/DSC07000-1.jpg" title="DSC07000 (1)"><div class="w-gallery-item-img"><img loading="lazy" decoding="async" width="150" height="150" src="https://www.acsc.com.br/santacatarina/wp-content/uploads/sites/2/2023/08/DSC07000-1-150x150.jpg" class="attachment-thumbnail size-thumbnail" alt="" /></div></a><a class="w-gallery-item order_3" href="https://www.acsc.com.br/santacatarina/wp-content/uploads/sites/2/2023/08/DSC07009.jpg" title="DSC07009"><div class="w-gallery-item-img"><img loading="lazy" decoding="async" width="150" height="150" src="https://www.acsc.com.br/santacatarina/wp-content/uploads/sites/2/2023/08/DSC07009-150x150.jpg" class="attachment-thumbnail size-thumbnail" alt="" /></div></a><a class="w-gallery-item order_4" href="https://www.acsc.com.br/santacatarina/wp-content/uploads/sites/2/2023/08/DSC07052.jpg" title="DSC07052"><div class="w-gallery-item-img"><img loading="lazy" decoding="async" width="150" height="150" src="https://www.acsc.com.br/santacatarina/wp-content/uploads/sites/2/2023/08/DSC07052-150x150.jpg" class="attachment-thumbnail size-thumbnail" alt="" /></div></a></div></div>
</div></div></div></div></div></div></section>

Educação Infantil É na Educação Infantil que a criança começa a ter um convívio social além do núcleo familiar. Ou seja, é um momento importante para que o indivíduo aprenda a se relacionar e viver em sociedade, desenvolvendo habilidades fundamentais à formação humana, além das capacidades cognitivas e motoras. Levando em consideração a excelência de...
