{"id":277,"date":"2023-04-17T10:45:41","date_gmt":"2023-04-17T13:45:41","guid":{"rendered":"https:\/\/www.acsc.com.br\/santacatarina\/?page_id=277"},"modified":"2023-04-17T10:45:41","modified_gmt":"2023-04-17T13:45:41","slug":"projeto-de-auxilio-a-aprendizagem","status":"publish","type":"page","link":"https:\/\/www.acsc.com.br\/santacatarina\/projeto-de-auxilio-a-aprendizagem\/","title":{"rendered":"Projeto de Aux\u00edlio \u00e0 Aprendizagem"},"content":{"rendered":"<p>O Projeto de Aux\u00edlio \u00e0 Aprendizagem (PAA) oportuniza atendimentos em turno contr\u00e1rio, em hor\u00e1rios especiais com professores especializados em L\u00edngua Portuguesa, Matem\u00e1tica, Biologia, F\u00edsica e Qu\u00edmica.<br \/>\nEsse atendimento abrange os alunos a partir do 5\u00ba ano do Ensino Fundamental \u00e0 3\u00aa s\u00e9rie do Ensino M\u00e9dio.<br \/>\nMais informa\u00e7\u00f5es e inscri\u00e7\u00f5es na secretaria do col\u00e9gio.<\/p>\n","protected":false},"excerpt":{"rendered":"<p>O Projeto de Aux\u00edlio \u00e0 Aprendizagem (PAA) oportuniza atendimentos em turno contr\u00e1rio, em hor\u00e1rios especiais com professores especializados em L\u00edngua Portuguesa, Matem\u00e1tica, Biologia, F\u00edsica e Qu\u00edmica. Esse atendimento abrange os alunos a partir do 5\u00ba ano do Ensino Fundamental \u00e0 3\u00aa s\u00e9rie do Ensino M\u00e9dio. Mais informa\u00e7\u00f5es e inscri\u00e7\u00f5es na secretaria do col\u00e9gio.<\/p>\n","protected":false},"author":1,"featured_media":0,"parent":0,"menu_order":0,"comment_status":"closed","ping_status":"closed","template":"","meta":{"_acf_changed":false,"footnotes":""},"class_list":["post-277","page","type-page","status-publish","hentry"],"acf":[],"_links":{"self":[{"href":"https:\/\/www.acsc.com.br\/santacatarina\/wp-json\/wp\/v2\/pages\/277","targetHints":{"allow":["GET"]}}],"collection":[{"href":"https:\/\/www.acsc.com.br\/santacatarina\/wp-json\/wp\/v2\/pages"}],"about":[{"href":"https:\/\/www.acsc.com.br\/santacatarina\/wp-json\/wp\/v2\/types\/page"}],"author":[{"embeddable":true,"href":"https:\/\/www.acsc.com.br\/santacatarina\/wp-json\/wp\/v2\/users\/1"}],"replies":[{"embeddable":true,"href":"https:\/\/www.acsc.com.br\/santacatarina\/wp-json\/wp\/v2\/comments?post=277"}],"version-history":[{"count":1,"href":"https:\/\/www.acsc.com.br\/santacatarina\/wp-json\/wp\/v2\/pages\/277\/revisions"}],"predecessor-version":[{"id":278,"href":"https:\/\/www.acsc.com.br\/santacatarina\/wp-json\/wp\/v2\/pages\/277\/revisions\/278"}],"wp:attachment":[{"href":"https:\/\/www.acsc.com.br\/santacatarina\/wp-json\/wp\/v2\/media?parent=277"}],"curies":[{"name":"wp","href":"https:\/\/api.w.org\/{rel}","templated":true}]}}

Projeto de Auxílio à Aprendizagem

<p>O Projeto de Auxílio à Aprendizagem (PAA) oportuniza atendimentos em turno contrário, em horários especiais com professores especializados em Língua Portuguesa, Matemática, Biologia, Física e Química.<br />
Esse atendimento abrange os alunos a partir do 5º ano do Ensino Fundamental à 3ª série do Ensino Médio.<br />
Mais informações e inscrições na secretaria do colégio.</p>

<p>O Projeto de Auxílio à Aprendizagem (PAA) oportuniza atendimentos em turno contrário, em horários especiais com professores especializados em Língua Portuguesa, Matemática, Biologia, Física e Química. Esse atendimento abrange os alunos a partir do 5º ano do Ensino Fundamental à 3ª série do Ensino Médio. Mais informações e inscrições na secretaria do colégio.</p>
