{"id":204,"date":"2023-04-03T09:16:51","date_gmt":"2023-04-03T12:16:51","guid":{"rendered":"https:\/\/www.acsc.com.br\/santacatarina\/?page_id=204"},"modified":"2025-04-16T19:54:59","modified_gmt":"2025-04-16T22:54:59","slug":"apama","status":"publish","type":"page","link":"https:\/\/www.acsc.com.br\/santacatarina\/apama\/","title":{"rendered":"APAMA"},"content":{"rendered":"<p style=\"text-align: justify;\"><span style=\"font-weight: 400;\">A APAMA \u00e9 uma Associa\u00e7\u00e3o de Pais, Mestres e Amigos do Col\u00e9gio Santa Catarina, eleita pelos associados, constitu\u00edda juridicamente de direito privado e regida por um estatuto pr\u00f3prio.<\/span><\/p>\n<p style=\"text-align: justify;\"><b>A APAMA tem por finalidades:<\/b><\/p>\n<p style=\"padding-left: 40px; text-align: justify;\"><span style=\"font-weight: 400;\">a) Proporcionar a participa\u00e7\u00e3o da fam\u00edlia no Col\u00e9gio e do Col\u00e9gio na comunidade, integrando-os segundo valores e filosofia crist\u00e3;<\/span><\/p>\n<p style=\"padding-left: 40px; text-align: justify;\"><span style=\"font-weight: 400;\">b)\u00a0 Estabelecer intera\u00e7\u00e3o entre Pais e\/ou Respons\u00e1veis e Professores, para melhor conhecimento e compreens\u00e3o do ambiente escolar e familiar e suas respectivas implica\u00e7\u00f5es;<\/span><\/p>\n<p style=\"padding-left: 40px; text-align: justify;\"><span style=\"font-weight: 400;\">c)\u00a0 Oportunizar o enriquecimento cultural e social dos Pais e\/ou Respons\u00e1veis e Professores;<\/span><\/p>\n<p style=\"padding-left: 40px; text-align: justify;\"><span style=\"font-weight: 400;\">d)\u00a0 Incentivar o progresso do estabelecimento de ensino e auxiliar a Dire\u00e7\u00e3o do Col\u00e9gio na obten\u00e7\u00e3o dos seus objetivos e metas;<\/span><\/p>\n<p style=\"padding-left: 40px; text-align: justify;\"><span style=\"font-weight: 400;\">e)\u00a0 Promover atividades culturais, sociais, c\u00edvicas, religiosas, esportivas, assistenciais e recreativas;<\/span><\/p>\n<p style=\"padding-left: 40px; text-align: justify;\"><span style=\"font-weight: 400;\">f) \u00a0 Realizar atividades promocionais, a fim de angariar fundos para prover os recursos necess\u00e1rios \u00e0 complementa\u00e7\u00e3o da manuten\u00e7\u00e3o e funcionamento do Col\u00e9gio, visando sempre beneficiar o processo educacional e o bem-estar dos educandos;<\/span><\/p>\n<p style=\"padding-left: 40px; text-align: justify;\"><span style=\"font-weight: 400;\">g)\u00a0 Prover, se necess\u00e1rio, mediante contribui\u00e7\u00f5es fixadas pela diretoria, em conson\u00e2ncia com a Dire\u00e7\u00e3o, os recursos necess\u00e1rios \u00e0 complementa\u00e7\u00e3o do funcionamento do Col\u00e9gio, como materiais did\u00e1ticos de uso comum dos alunos;<\/span><\/p>\n<p style=\"padding-left: 40px; text-align: justify;\"><span style=\"font-weight: 400;\">h) Cobrar ou isentar de contribui\u00e7\u00f5es os seus associados;<\/span><\/p>\n<p style=\"padding-left: 40px; text-align: justify;\"><span style=\"font-weight: 400;\">i)\u00a0 Oportunizar o Col\u00e9gio a atuar como centro de integra\u00e7\u00e3o e desenvolvimento comunit\u00e1rio.\u00a0<\/span><\/p>\n<p style=\"text-align: justify;\"><span style=\"font-weight: 400;\">A APAMA atua sempre em conson\u00e2ncia com a dire\u00e7\u00e3o do Col\u00e9gio e realiza reuni\u00f5es mensais. A diretoria da APAMA \u00e9 eleita para mandato de dois anos, sempre no m\u00eas de novembro do \u00faltimo ano de mandato, mediante chapas registradas com dez dias de anteced\u00eancia, podendo a mesma ser reeleita uma vez no per\u00edodo.<\/span><\/p>\n<p style=\"text-align: justify;\">\n","protected":false},"excerpt":{"rendered":"<p>A APAMA \u00e9 uma Associa\u00e7\u00e3o de Pais, Mestres e Amigos do Col\u00e9gio Santa Catarina, eleita pelos associados, constitu\u00edda juridicamente de direito privado e regida por um estatuto pr\u00f3prio. A APAMA tem por finalidades: a) Proporcionar a participa\u00e7\u00e3o da fam\u00edlia no Col\u00e9gio e do Col\u00e9gio na comunidade, integrando-os segundo valores e filosofia crist\u00e3; b)\u00a0 Estabelecer intera\u00e7\u00e3o&#8230;<\/p>\n","protected":false},"author":1,"featured_media":0,"parent":0,"menu_order":0,"comment_status":"closed","ping_status":"closed","template":"","meta":{"_acf_changed":false,"footnotes":""},"class_list":["post-204","page","type-page","status-publish","hentry"],"acf":[],"_links":{"self":[{"href":"https:\/\/www.acsc.com.br\/santacatarina\/wp-json\/wp\/v2\/pages\/204","targetHints":{"allow":["GET"]}}],"collection":[{"href":"https:\/\/www.acsc.com.br\/santacatarina\/wp-json\/wp\/v2\/pages"}],"about":[{"href":"https:\/\/www.acsc.com.br\/santacatarina\/wp-json\/wp\/v2\/types\/page"}],"author":[{"embeddable":true,"href":"https:\/\/www.acsc.com.br\/santacatarina\/wp-json\/wp\/v2\/users\/1"}],"replies":[{"embeddable":true,"href":"https:\/\/www.acsc.com.br\/santacatarina\/wp-json\/wp\/v2\/comments?post=204"}],"version-history":[{"count":4,"href":"https:\/\/www.acsc.com.br\/santacatarina\/wp-json\/wp\/v2\/pages\/204\/revisions"}],"predecessor-version":[{"id":1166,"href":"https:\/\/www.acsc.com.br\/santacatarina\/wp-json\/wp\/v2\/pages\/204\/revisions\/1166"}],"wp:attachment":[{"href":"https:\/\/www.acsc.com.br\/santacatarina\/wp-json\/wp\/v2\/media?parent=204"}],"curies":[{"name":"wp","href":"https:\/\/api.w.org\/{rel}","templated":true}]}}

<p style="text-align: justify;"><span style="font-weight: 400;">A APAMA é uma Associação de Pais, Mestres e Amigos do Colégio Santa Catarina, eleita pelos associados, constituída juridicamente de direito privado e regida por um estatuto próprio.</span></p>
<p style="text-align: justify;"><b>A APAMA tem por finalidades:</b></p>
<p style="padding-left: 40px; text-align: justify;"><span style="font-weight: 400;">a) Proporcionar a participação da família no Colégio e do Colégio na comunidade, integrando-os segundo valores e filosofia cristã;</span></p>
<p style="padding-left: 40px; text-align: justify;"><span style="font-weight: 400;">b)  Estabelecer interação entre Pais e/ou Responsáveis e Professores, para melhor conhecimento e compreensão do ambiente escolar e familiar e suas respectivas implicações;</span></p>
<p style="padding-left: 40px; text-align: justify;"><span style="font-weight: 400;">c)  Oportunizar o enriquecimento cultural e social dos Pais e/ou Responsáveis e Professores;</span></p>
<p style="padding-left: 40px; text-align: justify;"><span style="font-weight: 400;">d)  Incentivar o progresso do estabelecimento de ensino e auxiliar a Direção do Colégio na obtenção dos seus objetivos e metas;</span></p>
<p style="padding-left: 40px; text-align: justify;"><span style="font-weight: 400;">e)  Promover atividades culturais, sociais, cívicas, religiosas, esportivas, assistenciais e recreativas;</span></p>
<p style="padding-left: 40px; text-align: justify;"><span style="font-weight: 400;">f)   Realizar atividades promocionais, a fim de angariar fundos para prover os recursos necessários à complementação da manutenção e funcionamento do Colégio, visando sempre beneficiar o processo educacional e o bem-estar dos educandos;</span></p>
<p style="padding-left: 40px; text-align: justify;"><span style="font-weight: 400;">g)  Prover, se necessário, mediante contribuições fixadas pela diretoria, em consonância com a Direção, os recursos necessários à complementação do funcionamento do Colégio, como materiais didáticos de uso comum dos alunos;</span></p>
<p style="padding-left: 40px; text-align: justify;"><span style="font-weight: 400;">h) Cobrar ou isentar de contribuições os seus associados;</span></p>
<p style="padding-left: 40px; text-align: justify;"><span style="font-weight: 400;">i)  Oportunizar o Colégio a atuar como centro de integração e desenvolvimento comunitário. </span></p>
<p style="text-align: justify;"><span style="font-weight: 400;">A APAMA atua sempre em consonância com a direção do Colégio e realiza reuniões mensais. A diretoria da APAMA é eleita para mandato de dois anos, sempre no mês de novembro do último ano de mandato, mediante chapas registradas com dez dias de antecedência, podendo a mesma ser reeleita uma vez no período.</span></p>
<p style="text-align: justify;">

<p>A APAMA é uma Associação de Pais, Mestres e Amigos do Colégio Santa Catarina, eleita pelos associados, constituída juridicamente de direito privado e regida por um estatuto próprio. A APAMA tem por finalidades: a) Proporcionar a participação da família no Colégio e do Colégio na comunidade, integrando-os segundo valores e filosofia cristã; b)  Estabelecer interação&#8230;</p>
