{"id":18,"date":"2023-03-25T09:00:47","date_gmt":"2023-03-25T12:00:47","guid":{"rendered":"https:\/\/www.acsc.com.br\/santacatarina\/?page_id=18"},"modified":"2025-04-16T19:54:39","modified_gmt":"2025-04-16T22:54:39","slug":"sistema-de-avaliacao","status":"publish","type":"page","link":"https:\/\/www.acsc.com.br\/santacatarina\/sistema-de-avaliacao\/","title":{"rendered":"M\u00e9todos Avaliativos"},"content":{"rendered":"<p style=\"text-align: justify;\"><span style=\"font-weight: 400;\">A avalia\u00e7\u00e3o tem uma fun\u00e7\u00e3o permanente de diagn\u00f3stico e acompanhamento do processo de ensino e aprendizagem. Portanto, avaliar significa redesenhar de forma investigativa e significativa o estado entre desconhecimento e conhecimento. Em n\u00edvel operacional, a avalia\u00e7\u00e3o da aprendizagem tem, como refer\u00eancia, o conjunto de conhecimentos, habilidades e compet\u00eancias, atitudes, valores e emo\u00e7\u00f5es que os sujeitos do processo educativo projetam para si, de modo integrado e articulado, com os princ\u00edpios definidos pela <\/span><span style=\"font-weight: 400;\">Educa\u00e7\u00e3o B\u00e1sica, redimensionados para cada uma de suas etapas.<\/span><\/p>\n<p style=\"text-align: justify;\"><span style=\"font-weight: 400;\">As Institui\u00e7\u00f5es Escolares da ACSC expressam os resultados da avalia\u00e7\u00e3o, trimestralmente, na Educa\u00e7\u00e3o B\u00e1sica.<\/span><\/p>\n<p style=\"text-align: justify;\"><b>Educa\u00e7\u00e3o Infantil e Ensino Fundamental &#8211; 1\u00ba ao 4\u00ba ano<br \/>\n<\/b><span style=\"font-weight: 400;\">A avalia\u00e7\u00e3o \u00e9 expressa por parecer descritivo na Educa\u00e7\u00e3o Infantil e nas turmas de 1\u00ba ao 4\u00ba ano do Ensino Fundamental.<\/span><\/p>\n<p style=\"text-align: justify;\"><b>Ensino Fundamental &#8211; 5\u00ba ao 9\u00ba ano e Ensino M\u00e9dio<br \/>\n<\/b><span style=\"font-weight: 400;\">A avalia\u00e7\u00e3o \u00e9 trimestral, sendo que a m\u00e9dia \u00e9 7,0. Durante o ano letivo, concomitante ao processo de ensino e aprendizagem, ocorre a recupera\u00e7\u00e3o paralela dos conte\u00fados.<\/span><\/p>\n<p style=\"text-align: justify;\"><span style=\"font-weight: 400;\">A avalia\u00e7\u00e3o \u00e9 composta por tr\u00eas Ps, sendo eles P1, P2 e P3, que podem ser constitu\u00eddos por trabalhos e provas individuais, duplas ou grupos. Al\u00e9m do simulado que ocorre a partir do 6\u00ba ano, no 2\u00ba e 3\u00ba trimestres, da nota da Mostra Multidisciplinar, que \u00e9 desmembrada ao longo dos tr\u00eas trimestres e nota atitudinal.<\/span><\/p>\n<p style=\"text-align: justify;\">\n","protected":false},"excerpt":{"rendered":"<p>A avalia\u00e7\u00e3o tem uma fun\u00e7\u00e3o permanente de diagn\u00f3stico e acompanhamento do processo de ensino e aprendizagem. Portanto, avaliar significa redesenhar de forma investigativa e significativa o estado entre desconhecimento e conhecimento. Em n\u00edvel operacional, a avalia\u00e7\u00e3o da aprendizagem tem, como refer\u00eancia, o conjunto de conhecimentos, habilidades e compet\u00eancias, atitudes, valores e emo\u00e7\u00f5es que os sujeitos&#8230;<\/p>\n","protected":false},"author":1,"featured_media":0,"parent":0,"menu_order":0,"comment_status":"closed","ping_status":"closed","template":"","meta":{"_acf_changed":false,"footnotes":""},"class_list":["post-18","page","type-page","status-publish","hentry"],"acf":[],"_links":{"self":[{"href":"https:\/\/www.acsc.com.br\/santacatarina\/wp-json\/wp\/v2\/pages\/18","targetHints":{"allow":["GET"]}}],"collection":[{"href":"https:\/\/www.acsc.com.br\/santacatarina\/wp-json\/wp\/v2\/pages"}],"about":[{"href":"https:\/\/www.acsc.com.br\/santacatarina\/wp-json\/wp\/v2\/types\/page"}],"author":[{"embeddable":true,"href":"https:\/\/www.acsc.com.br\/santacatarina\/wp-json\/wp\/v2\/users\/1"}],"replies":[{"embeddable":true,"href":"https:\/\/www.acsc.com.br\/santacatarina\/wp-json\/wp\/v2\/comments?post=18"}],"version-history":[{"count":6,"href":"https:\/\/www.acsc.com.br\/santacatarina\/wp-json\/wp\/v2\/pages\/18\/revisions"}],"predecessor-version":[{"id":1165,"href":"https:\/\/www.acsc.com.br\/santacatarina\/wp-json\/wp\/v2\/pages\/18\/revisions\/1165"}],"wp:attachment":[{"href":"https:\/\/www.acsc.com.br\/santacatarina\/wp-json\/wp\/v2\/media?parent=18"}],"curies":[{"name":"wp","href":"https:\/\/api.w.org\/{rel}","templated":true}]}}

Métodos Avaliativos

<p style="text-align: justify;"><span style="font-weight: 400;">A avaliação tem uma função permanente de diagnóstico e acompanhamento do processo de ensino e aprendizagem. Portanto, avaliar significa redesenhar de forma investigativa e significativa o estado entre desconhecimento e conhecimento. Em nível operacional, a avaliação da aprendizagem tem, como referência, o conjunto de conhecimentos, habilidades e competências, atitudes, valores e emoções que os sujeitos do processo educativo projetam para si, de modo integrado e articulado, com os princípios definidos pela </span><span style="font-weight: 400;">Educação Básica, redimensionados para cada uma de suas etapas.</span></p>
<p style="text-align: justify;"><span style="font-weight: 400;">As Instituições Escolares da ACSC expressam os resultados da avaliação, trimestralmente, na Educação Básica.</span></p>
<p style="text-align: justify;"><b>Educação Infantil e Ensino Fundamental &#8211; 1º ao 4º ano<br />
</b><span style="font-weight: 400;">A avaliação é expressa por parecer descritivo na Educação Infantil e nas turmas de 1º ao 4º ano do Ensino Fundamental.</span></p>
<p style="text-align: justify;"><b>Ensino Fundamental &#8211; 5º ao 9º ano e Ensino Médio<br />
</b><span style="font-weight: 400;">A avaliação é trimestral, sendo que a média é 7,0. Durante o ano letivo, concomitante ao processo de ensino e aprendizagem, ocorre a recuperação paralela dos conteúdos.</span></p>
<p style="text-align: justify;"><span style="font-weight: 400;">A avaliação é composta por três Ps, sendo eles P1, P2 e P3, que podem ser constituídos por trabalhos e provas individuais, duplas ou grupos. Além do simulado que ocorre a partir do 6º ano, no 2º e 3º trimestres, da nota da Mostra Multidisciplinar, que é desmembrada ao longo dos três trimestres e nota atitudinal.</span></p>
<p style="text-align: justify;">

<p>A avaliação tem uma função permanente de diagnóstico e acompanhamento do processo de ensino e aprendizagem. Portanto, avaliar significa redesenhar de forma investigativa e significativa o estado entre desconhecimento e conhecimento. Em nível operacional, a avaliação da aprendizagem tem, como referência, o conjunto de conhecimentos, habilidades e competências, atitudes, valores e emoções que os sujeitos&#8230;</p>
