{"id":86,"date":"2023-04-17T14:30:04","date_gmt":"2023-04-17T17:30:04","guid":{"rendered":"https:\/\/www.acsc.com.br\/divinocoracao\/?page_id=86"},"modified":"2023-08-11T11:48:15","modified_gmt":"2023-08-11T14:48:15","slug":"tesouraria","status":"publish","type":"page","link":"https:\/\/www.acsc.com.br\/divinocoracao\/tesouraria\/","title":{"rendered":"Tesouraria"},"content":{"rendered":"<p style=\"text-align: justify;\"><span style=\"font-weight: 400;\">A<\/span><b> tesouraria<\/b><span style=\"font-weight: 400;\"> tem como objetivo controlar e movimentar o financeiro da institui\u00e7\u00e3o. Tem como fun\u00e7\u00f5es: emiss\u00e3o de boletos banc\u00e1rios, recebimentos de mensalidades, emiss\u00e3o de declara\u00e7\u00f5es para imposto de renda, negocia\u00e7\u00e3o de valores e v\u00e1rias atividades envolvendo as quest\u00f5es financeiras<\/span><\/p>\n<p style=\"text-align: justify;\">\n<p style=\"text-align: justify;\"><b>Hor\u00e1rios de atendimento:\u00a0<\/b><\/p>\n<p style=\"text-align: justify;\"><span style=\"font-weight: 400;\">Segunda-feira a Sexta-feira<br \/>\n<\/span><span style=\"font-weight: 400;\">Manh\u00e3: 8h \u00e0s 11h30min<br \/>\n<\/span><span style=\"font-weight: 400;\">Tarde: 13h30min \u00e0s 17h<\/span><\/p>\n<p style=\"text-align: justify;\">\n<p style=\"text-align: justify;\"><b>E-mail:<\/b><span style=\"font-weight: 400;\">:<\/span><a href=\"mailto:financeiro@divinocoracao.com.br\"><span style=\"font-weight: 400;\"> financeiro@divinocoracao.com.br<\/span><\/a><\/p>\n","protected":false},"excerpt":{"rendered":"<p>A tesouraria tem como objetivo controlar e movimentar o financeiro da institui\u00e7\u00e3o. Tem como fun\u00e7\u00f5es: emiss\u00e3o de boletos banc\u00e1rios, recebimentos de mensalidades, emiss\u00e3o de declara\u00e7\u00f5es para imposto de renda, negocia\u00e7\u00e3o de valores e v\u00e1rias atividades envolvendo as quest\u00f5es financeiras Hor\u00e1rios de atendimento:\u00a0 Segunda-feira a Sexta-feira Manh\u00e3: 8h \u00e0s 11h30min Tarde: 13h30min \u00e0s 17h E-mail:: financeiro@divinocoracao.com.br<\/p>\n","protected":false},"author":1,"featured_media":0,"parent":0,"menu_order":0,"comment_status":"closed","ping_status":"closed","template":"","meta":{"_acf_changed":false,"footnotes":""},"class_list":["post-86","page","type-page","status-publish","hentry"],"acf":[],"_links":{"self":[{"href":"https:\/\/www.acsc.com.br\/divinocoracao\/wp-json\/wp\/v2\/pages\/86","targetHints":{"allow":["GET"]}}],"collection":[{"href":"https:\/\/www.acsc.com.br\/divinocoracao\/wp-json\/wp\/v2\/pages"}],"about":[{"href":"https:\/\/www.acsc.com.br\/divinocoracao\/wp-json\/wp\/v2\/types\/page"}],"author":[{"embeddable":true,"href":"https:\/\/www.acsc.com.br\/divinocoracao\/wp-json\/wp\/v2\/users\/1"}],"replies":[{"embeddable":true,"href":"https:\/\/www.acsc.com.br\/divinocoracao\/wp-json\/wp\/v2\/comments?post=86"}],"version-history":[{"count":2,"href":"https:\/\/www.acsc.com.br\/divinocoracao\/wp-json\/wp\/v2\/pages\/86\/revisions"}],"predecessor-version":[{"id":220,"href":"https:\/\/www.acsc.com.br\/divinocoracao\/wp-json\/wp\/v2\/pages\/86\/revisions\/220"}],"wp:attachment":[{"href":"https:\/\/www.acsc.com.br\/divinocoracao\/wp-json\/wp\/v2\/media?parent=86"}],"curies":[{"name":"wp","href":"https:\/\/api.w.org\/{rel}","templated":true}]}}