{"id":80,"date":"2023-04-17T14:28:54","date_gmt":"2023-04-17T17:28:54","guid":{"rendered":"https:\/\/www.acsc.com.br\/divinocoracao\/?page_id=80"},"modified":"2023-04-17T14:28:54","modified_gmt":"2023-04-17T17:28:54","slug":"direcao","status":"publish","type":"page","link":"https:\/\/www.acsc.com.br\/divinocoracao\/direcao\/","title":{"rendered":"Dire\u00e7\u00e3o"},"content":{"rendered":"<p><span style=\"font-weight: 400;\">A <\/span><b>Dire\u00e7\u00e3o <\/b><span style=\"font-weight: 400;\">tem como objetivo direcionar, operacionalizar e dinamizar a gest\u00e3o escolar. Garantir a identidade da Institui\u00e7\u00e3o Escolar. Planejar, avaliar e definir recursos f\u00edsicos, patrimoniais, financeiros, humanos e pedag\u00f3gicos a fim de proporcionar um ensino de qualidade para atender a toda a comunidade escolar.<\/span><\/p>\n","protected":false},"excerpt":{"rendered":"<p>A Dire\u00e7\u00e3o tem como objetivo direcionar, operacionalizar e dinamizar a gest\u00e3o escolar. Garantir a identidade da Institui\u00e7\u00e3o Escolar. Planejar, avaliar e definir recursos f\u00edsicos, patrimoniais, financeiros, humanos e pedag\u00f3gicos a fim de proporcionar um ensino de qualidade para atender a toda a comunidade escolar.<\/p>\n","protected":false},"author":1,"featured_media":0,"parent":0,"menu_order":0,"comment_status":"closed","ping_status":"closed","template":"","meta":{"_acf_changed":false,"footnotes":""},"class_list":["post-80","page","type-page","status-publish","hentry"],"acf":[],"_links":{"self":[{"href":"https:\/\/www.acsc.com.br\/divinocoracao\/wp-json\/wp\/v2\/pages\/80","targetHints":{"allow":["GET"]}}],"collection":[{"href":"https:\/\/www.acsc.com.br\/divinocoracao\/wp-json\/wp\/v2\/pages"}],"about":[{"href":"https:\/\/www.acsc.com.br\/divinocoracao\/wp-json\/wp\/v2\/types\/page"}],"author":[{"embeddable":true,"href":"https:\/\/www.acsc.com.br\/divinocoracao\/wp-json\/wp\/v2\/users\/1"}],"replies":[{"embeddable":true,"href":"https:\/\/www.acsc.com.br\/divinocoracao\/wp-json\/wp\/v2\/comments?post=80"}],"version-history":[{"count":1,"href":"https:\/\/www.acsc.com.br\/divinocoracao\/wp-json\/wp\/v2\/pages\/80\/revisions"}],"predecessor-version":[{"id":81,"href":"https:\/\/www.acsc.com.br\/divinocoracao\/wp-json\/wp\/v2\/pages\/80\/revisions\/81"}],"wp:attachment":[{"href":"https:\/\/www.acsc.com.br\/divinocoracao\/wp-json\/wp\/v2\/media?parent=80"}],"curies":[{"name":"wp","href":"https:\/\/api.w.org\/{rel}","templated":true}]}}