{"id":68,"date":"2023-04-17T14:14:24","date_gmt":"2023-04-17T17:14:24","guid":{"rendered":"https:\/\/www.acsc.com.br\/divinocoracao\/?page_id=68"},"modified":"2023-08-11T11:45:33","modified_gmt":"2023-08-11T14:45:33","slug":"educacao-infantil","status":"publish","type":"page","link":"https:\/\/www.acsc.com.br\/divinocoracao\/educacao-infantil\/","title":{"rendered":"Educa\u00e7\u00e3o Infantil"},"content":{"rendered":"<p style=\"text-align: justify;\"><span style=\"font-weight: 400;\">A <\/span><b>Educa\u00e7\u00e3o Infantil<\/b><span style=\"font-weight: 400;\"> (primeira etapa da educa\u00e7\u00e3o b\u00e1sica), \u00e9 uma das etapas mais importantes da forma\u00e7\u00e3o das crian\u00e7as, pois \u00e9 onde elas come\u00e7am a conviver com outras pessoas fora do conv\u00edvio familiar. \u00c9 nesse momento que come\u00e7a o desenvolvimento da personalidade e da autonomia, a cria\u00e7\u00e3o de la\u00e7os de amizade e as descobertas de diferentes \u00e1reas de conhecimento.<\/span><\/p>\n<p style=\"text-align: justify;\"><span style=\"font-weight: 400;\">No Col\u00e9gio Divino Cora\u00e7\u00e3o, a Educa\u00e7\u00e3o Infantil, atende crian\u00e7as a partir de 1 ano aos 5 anos de idade, e\u00a0 tem por miss\u00e3o desenvolver uma proposta de cuidado pedag\u00f3gico-educativo, visando o desenvolvimento da crian\u00e7a nos seguintes aspectos: f\u00edsico, ps\u00edquico, afetivo, espiritual, cognitivo e social, complementando a a\u00e7\u00e3o familiar. Tamb\u00e9m tem por objetivo, promover o desenvolvimento integral da crian\u00e7a, em seus aspectos biopsicossocial e espiritual, \u00e9tico e moral, incentivando valores crist\u00e3os, a criatividade, autonomia, as rela\u00e7\u00f5es de respeito e solidariedade.\u00a0<\/span><\/p>\n<p style=\"text-align: justify;\"><span style=\"font-weight: 400;\">Para atender as crian\u00e7as, o Col\u00e9gio Divino Cora\u00e7\u00e3o conta com um professor regente e um auxiliar de sala que ajuda o professor a realizar o ensino das disciplinas fundamentais para a grade curricular de formaa\u00e7\u00e3o.<\/span><\/p>\n<p style=\"text-align: justify;\"><span style=\"font-weight: 400;\">Conta tamb\u00e9m com o Projeto <\/span><b>CDC FEST<\/b><span style=\"font-weight: 400;\"> (Festival de Criatividade, Diversidade e Cultura), um festival interdisciplinar que ocorre anualmente, geralmente no m\u00eas de Julho, dentro do ambiente escolar a fim de discutir sobre os temas escolhidos, favorecendo a pesquisa, trabalho em equipe, envolvimento familiar, dentre outros.<\/span><\/p>\n<p style=\"text-align: justify;\">\n<p style=\"text-align: justify;\"><span style=\"font-weight: 400;\">A etapa da Educa\u00e7\u00e3o Infantil se d\u00e1 em dois ciclos, o primeiro pela Creche e o segundo pela Pr\u00e9-escola:\u00a0<\/span><\/p>\n<p style=\"text-align: justify;\"><b>Creche: para crian\u00e7as de 1 (um)\u00a0 a 3 (tr\u00eas) anos de idade.<\/b><\/p>\n<p style=\"text-align: justify;\"><span style=\"font-weight: 400;\">Creche I: 1 ano a 1 ano e 11 meses;<br \/>\n<\/span><span style=\"font-weight: 400;\">Creche II: 2 anos a 2 anos e 11 meses;<br \/>\n<\/span><span style=\"font-weight: 400;\">Creche III: 3 anos a 3 anos e 11 meses .<\/span><\/p>\n<p style=\"text-align: justify;\"><b>Pr\u00e9-escola: para crian\u00e7as de 4 (quatro) a 5 (cinco) anos de idade.<\/b><\/p>\n<p style=\"text-align: justify;\"><span style=\"font-weight: 400;\">N\u00edvel I:\u00a0 4 anos a 4 anos e 11 meses;<br \/>\n<\/span><span style=\"font-weight: 400;\">N\u00edvel II: 5 anos a 5 anos e 11 meses .<\/span><\/p>\n<p style=\"text-align: justify;\">\n<p style=\"text-align: justify;\"><b>Hor\u00e1rios<\/b><\/p>\n<p style=\"text-align: justify;\"><b>Tarde:<\/b><span style=\"font-weight: 400;\"> 13h15min \u00e1s 17h30min<br \/>\n<\/span><b>email:<\/b><span style=\"font-weight: 400;\"> paula.cipe@divinocoracao.com.br<\/span><\/p>\n<p style=\"text-align: justify;\">\n","protected":false},"excerpt":{"rendered":"<p>A Educa\u00e7\u00e3o Infantil (primeira etapa da educa\u00e7\u00e3o b\u00e1sica), \u00e9 uma das etapas mais importantes da forma\u00e7\u00e3o das crian\u00e7as, pois \u00e9 onde elas come\u00e7am a conviver com outras pessoas fora do conv\u00edvio familiar. \u00c9 nesse momento que come\u00e7a o desenvolvimento da personalidade e da autonomia, a cria\u00e7\u00e3o de la\u00e7os de amizade e as descobertas de diferentes&#8230;<\/p>\n","protected":false},"author":1,"featured_media":0,"parent":0,"menu_order":0,"comment_status":"closed","ping_status":"closed","template":"","meta":{"_acf_changed":false,"footnotes":""},"class_list":["post-68","page","type-page","status-publish","hentry"],"acf":[],"_links":{"self":[{"href":"https:\/\/www.acsc.com.br\/divinocoracao\/wp-json\/wp\/v2\/pages\/68","targetHints":{"allow":["GET"]}}],"collection":[{"href":"https:\/\/www.acsc.com.br\/divinocoracao\/wp-json\/wp\/v2\/pages"}],"about":[{"href":"https:\/\/www.acsc.com.br\/divinocoracao\/wp-json\/wp\/v2\/types\/page"}],"author":[{"embeddable":true,"href":"https:\/\/www.acsc.com.br\/divinocoracao\/wp-json\/wp\/v2\/users\/1"}],"replies":[{"embeddable":true,"href":"https:\/\/www.acsc.com.br\/divinocoracao\/wp-json\/wp\/v2\/comments?post=68"}],"version-history":[{"count":3,"href":"https:\/\/www.acsc.com.br\/divinocoracao\/wp-json\/wp\/v2\/pages\/68\/revisions"}],"predecessor-version":[{"id":216,"href":"https:\/\/www.acsc.com.br\/divinocoracao\/wp-json\/wp\/v2\/pages\/68\/revisions\/216"}],"wp:attachment":[{"href":"https:\/\/www.acsc.com.br\/divinocoracao\/wp-json\/wp\/v2\/media?parent=68"}],"curies":[{"name":"wp","href":"https:\/\/api.w.org\/{rel}","templated":true}]}}