{"id":55,"date":"2023-04-17T14:09:08","date_gmt":"2023-04-17T17:09:08","guid":{"rendered":"https:\/\/www.acsc.com.br\/divinocoracao\/?page_id=55"},"modified":"2023-08-11T14:32:09","modified_gmt":"2023-08-11T17:32:09","slug":"sobre-a-unidade","status":"publish","type":"page","link":"https:\/\/www.acsc.com.br\/divinocoracao\/sobre-a-unidade\/","title":{"rendered":"Sobre a Unidade"},"content":{"rendered":"<ul>\n<li style=\"list-style-type: none;\" aria-level=\"1\">\n<ul>\n<li style=\"text-align: justify;\" aria-level=\"1\"><b>Miss\u00e3o<\/b><\/li>\n<\/ul>\n<p style=\"text-align: justify;\"><span style=\"font-weight: 400;\">Promover e consolidar Educa\u00e7\u00e3o como processo de crescimento humano-crist\u00e3o e profissional, tendo como base os Valores Evang\u00e9licos, a Ci\u00eancia e a Tecnologia para interagir com compet\u00eancia, sustentabilidade e responsabilidade social.\u00a0<\/span><\/p>\n<ul style=\"text-align: justify;\">\n<li aria-level=\"1\"><b>Vis\u00e3o<\/b><\/li>\n<\/ul>\n<p style=\"text-align: justify;\"><span style=\"font-weight: 400;\">Ser refer\u00eancia em Educa\u00e7\u00e3o, com princ\u00edpios e valores crist\u00e3os.<\/span><\/p>\n<ul style=\"text-align: justify;\">\n<li aria-level=\"1\"><b>Valores\u00a0<\/b><\/li>\n<\/ul>\n<ul style=\"text-align: justify;\">\n<li style=\"font-weight: 400;\" aria-level=\"1\"><span style=\"font-weight: 400;\">Conhecimento cient\u00edfico e tecnol\u00f3gico;<\/span><\/li>\n<li style=\"font-weight: 400;\" aria-level=\"1\"><span style=\"font-weight: 400;\">Di\u00e1logo educativo;<\/span><\/li>\n<li style=\"font-weight: 400;\" aria-level=\"1\"><span style=\"font-weight: 400;\">Escola em Pastoral;<\/span><\/li>\n<li style=\"font-weight: 400;\" aria-level=\"1\"><span style=\"font-weight: 400;\">\u00c9tica;<\/span><\/li>\n<li style=\"font-weight: 400;\" aria-level=\"1\"><span style=\"font-weight: 400;\">Excel\u00eancia do e no saber;<\/span><\/li>\n<li style=\"font-weight: 400;\" aria-level=\"1\"><span style=\"font-weight: 400;\">F\u00e9 e espiritualidade: crer e agir;<\/span><\/li>\n<li style=\"font-weight: 400;\" aria-level=\"1\"><span style=\"font-weight: 400;\">Respeito \u00e0 diversidade;<\/span><\/li>\n<li style=\"font-weight: 400;\" aria-level=\"1\"><span style=\"font-weight: 400;\">Solidariedade e responsabilidade;<\/span><\/li>\n<li style=\"font-weight: 400;\" aria-level=\"1\"><span style=\"font-weight: 400;\">Sustentabilidade;\u00a0<\/span><\/li>\n<\/ul>\n<ul style=\"text-align: justify;\">\n<li aria-level=\"1\"><b>Proposta Educacional\u00a0<\/b><\/li>\n<\/ul>\n<ul style=\"text-align: justify;\">\n<li style=\"font-weight: 400;\" aria-level=\"1\"><span style=\"font-weight: 400;\">Curr\u00edculo que considera a realidade existente.<\/span><\/li>\n<li style=\"font-weight: 400;\" aria-level=\"1\"><span style=\"font-weight: 400;\">Educando (a) e Educador (a) enquanto sujeitos do processo ensino e aprendizagem.<\/span><\/li>\n<li style=\"font-weight: 400;\" aria-level=\"1\"><span style=\"font-weight: 400;\">Produ\u00e7\u00e3o do pr\u00f3prio conhecimento.<\/span><\/li>\n<li style=\"font-weight: 400;\" aria-level=\"1\"><span style=\"font-weight: 400;\">Viver num cont\u00ednuo ato de conhecer, de relacionar-se consigo, com o outro, com o mundo e com o pr\u00f3prio conhecimento.<\/span><\/li>\n<li style=\"font-weight: 400;\" aria-level=\"1\"><span style=\"font-weight: 400;\">Conhecimento constru\u00eddo atrav\u00e9s da pr\u00e1tica interdisciplinar e transdisciplinar.\u00a0<\/span><\/li>\n<li style=\"font-weight: 400;\" aria-level=\"1\"><span style=\"font-weight: 400;\">Organiza\u00e7\u00e3o curricular integrada e conhecimento contextualizado.\u00a0<\/span><\/li>\n<li style=\"font-weight: 400;\" aria-level=\"1\"><span style=\"font-weight: 400;\">Forma\u00e7\u00e3o integral para a atua\u00e7\u00e3o cidad\u00e3 e profissional.\u00a0<\/span><\/li>\n<li style=\"font-weight: 400;\" aria-level=\"1\"><span style=\"font-weight: 400;\">Pesquisa para aprofundamento e amplia\u00e7\u00e3o dos saberes, atrav\u00e9s de projetos pedag\u00f3gicos.\u00a0<\/span><\/li>\n<li style=\"font-weight: 400;\" aria-level=\"1\"><span style=\"font-weight: 400;\">A rela\u00e7\u00e3o educador (a) \/educando (a) exige a pr\u00e1tica participativa, interativa e respeito \u00e0s diferen\u00e7as.\u00a0<\/span><\/li>\n<li style=\"font-weight: 400;\" aria-level=\"1\"><span style=\"font-weight: 400;\">Desenvolvimento de habilidades que tornem a pessoa competente e capaz de aprender e conhecer, aprender a fazer, aprender a viver juntos, aprender a ser.\u00a0<\/span><\/li>\n<li style=\"font-weight: 400;\" aria-level=\"1\"><span style=\"font-weight: 400;\">Avalia\u00e7\u00e3o cont\u00ednua, como um processo de reflex\u00e3o sobre a pr\u00e1tica, no qual se objetiva a compreens\u00e3o e melhoria no aprendizado.\u00a0<\/span><\/li>\n<\/ul>\n<\/li>\n<\/ul>\n","protected":false},"excerpt":{"rendered":"<p>Miss\u00e3o Promover e consolidar Educa\u00e7\u00e3o como processo de crescimento humano-crist\u00e3o e profissional, tendo como base os Valores Evang\u00e9licos, a Ci\u00eancia e a Tecnologia para interagir com compet\u00eancia, sustentabilidade e responsabilidade social.\u00a0 Vis\u00e3o Ser refer\u00eancia em Educa\u00e7\u00e3o, com princ\u00edpios e valores crist\u00e3os. Valores\u00a0 Conhecimento cient\u00edfico e tecnol\u00f3gico; Di\u00e1logo educativo; Escola em Pastoral; \u00c9tica; Excel\u00eancia do e&#8230;<\/p>\n","protected":false},"author":1,"featured_media":0,"parent":0,"menu_order":0,"comment_status":"closed","ping_status":"closed","template":"","meta":{"_acf_changed":false,"footnotes":""},"class_list":["post-55","page","type-page","status-publish","hentry"],"acf":[],"_links":{"self":[{"href":"https:\/\/www.acsc.com.br\/divinocoracao\/wp-json\/wp\/v2\/pages\/55","targetHints":{"allow":["GET"]}}],"collection":[{"href":"https:\/\/www.acsc.com.br\/divinocoracao\/wp-json\/wp\/v2\/pages"}],"about":[{"href":"https:\/\/www.acsc.com.br\/divinocoracao\/wp-json\/wp\/v2\/types\/page"}],"author":[{"embeddable":true,"href":"https:\/\/www.acsc.com.br\/divinocoracao\/wp-json\/wp\/v2\/users\/1"}],"replies":[{"embeddable":true,"href":"https:\/\/www.acsc.com.br\/divinocoracao\/wp-json\/wp\/v2\/comments?post=55"}],"version-history":[{"count":3,"href":"https:\/\/www.acsc.com.br\/divinocoracao\/wp-json\/wp\/v2\/pages\/55\/revisions"}],"predecessor-version":[{"id":243,"href":"https:\/\/www.acsc.com.br\/divinocoracao\/wp-json\/wp\/v2\/pages\/55\/revisions\/243"}],"wp:attachment":[{"href":"https:\/\/www.acsc.com.br\/divinocoracao\/wp-json\/wp\/v2\/media?parent=55"}],"curies":[{"name":"wp","href":"https:\/\/api.w.org\/{rel}","templated":true}]}}