{"id":316,"date":"2023-10-06T12:23:58","date_gmt":"2023-10-06T15:23:58","guid":{"rendered":"https:\/\/www.acsc.com.br\/divinocoracao\/?page_id=316"},"modified":"2025-11-11T14:53:54","modified_gmt":"2025-11-11T17:53:54","slug":"resultado-bolsa-de-estudos2026","status":"publish","type":"page","link":"https:\/\/www.acsc.com.br\/divinocoracao\/resultado-bolsa-de-estudos2026\/","title":{"rendered":"RESULTADO BOLSAS DE ESTUDO"},"content":{"rendered":"<section class=\"l-section wpb_row height_medium\"><div class=\"l-section-h i-cf\"><div class=\"g-cols vc_row via_grid cols_1 laptops-cols_inherit tablets-cols_inherit mobiles-cols_1 valign_top type_default stacking_default\"><div class=\"wpb_column vc_column_container\"><div class=\"vc_column-inner\"><div class=\"wpb_text_column\"><div class=\"wpb_wrapper\"><p class=\"p1\">Comiss\u00e3o Gestora de Concess\u00e3o de Bolsas de Estudo Filantr\u00f3pica da Associa\u00e7\u00e3o Congrega\u00e7\u00e3o de Santa Catarina, em cumprimento ao que determina o Edital n\u00b0 001\/2025 item 6 \u2013 DO RESULTADO FINAL<b>, <\/b>torna p\u00fablico o <b>resultado <\/b><b>final<\/b> do processo seletivo deste edital de BOLSA DE ESTUDO FILANTR\u00d3PICA para o <b>ano letivo de 2026<\/b>, do <b>COL\u00c9GIO DIVINO CORA\u00c7\u00c3O \u2013 ALEGRETE\/RS<\/b>.<\/p>\n<\/div><\/div><div class=\"w-separator size_medium\"><\/div><div class=\"w-btn-wrapper align_none\"><a class=\"w-btn us-btn-style_1\" target=\"_blank\" href=\"https:\/\/www.acsc.com.br\/divinocoracao\/wp-content\/uploads\/sites\/4\/2025\/10\/Resultado-Final-Bolsas-2025-CDC.pdf\" rel=\"noopener\"><span class=\"w-btn-label\">Clique Aqui &#8211; Resultado Final<\/span><\/a><\/div><div class=\"w-btn-wrapper align_none\"><a class=\"w-btn us-btn-style_1\" target=\"_blank\" href=\"https:\/\/www.acsc.com.br\/divinocoracao\/wp-content\/uploads\/sites\/4\/2025\/11\/Errata-01-CDC.pdf\" rel=\"noopener\"><span class=\"w-btn-label\">Errata 01<\/span><\/a><\/div><\/div><\/div><\/div><\/div><\/section>\n","protected":false},"excerpt":{"rendered":"Comiss\u00e3o Gestora de Concess\u00e3o de Bolsas de Estudo Filantr\u00f3pica da Associa\u00e7\u00e3o Congrega\u00e7\u00e3o de Santa Catarina, em cumprimento ao que determina o Edital n\u00b0 001\/2025 item 6 \u2013 DO RESULTADO FINAL, torna p\u00fablico o resultado final do processo seletivo deste edital de BOLSA DE ESTUDO FILANTR\u00d3PICA para o ano letivo de 2026, do COL\u00c9GIO DIVINO CORA\u00c7\u00c3O...","protected":false},"author":1,"featured_media":0,"parent":0,"menu_order":0,"comment_status":"closed","ping_status":"closed","template":"","meta":{"_acf_changed":false,"footnotes":""},"class_list":["post-316","page","type-page","status-publish","hentry"],"acf":[],"_links":{"self":[{"href":"https:\/\/www.acsc.com.br\/divinocoracao\/wp-json\/wp\/v2\/pages\/316","targetHints":{"allow":["GET"]}}],"collection":[{"href":"https:\/\/www.acsc.com.br\/divinocoracao\/wp-json\/wp\/v2\/pages"}],"about":[{"href":"https:\/\/www.acsc.com.br\/divinocoracao\/wp-json\/wp\/v2\/types\/page"}],"author":[{"embeddable":true,"href":"https:\/\/www.acsc.com.br\/divinocoracao\/wp-json\/wp\/v2\/users\/1"}],"replies":[{"embeddable":true,"href":"https:\/\/www.acsc.com.br\/divinocoracao\/wp-json\/wp\/v2\/comments?post=316"}],"version-history":[{"count":7,"href":"https:\/\/www.acsc.com.br\/divinocoracao\/wp-json\/wp\/v2\/pages\/316\/revisions"}],"predecessor-version":[{"id":550,"href":"https:\/\/www.acsc.com.br\/divinocoracao\/wp-json\/wp\/v2\/pages\/316\/revisions\/550"}],"wp:attachment":[{"href":"https:\/\/www.acsc.com.br\/divinocoracao\/wp-json\/wp\/v2\/media?parent=316"}],"curies":[{"name":"wp","href":"https:\/\/api.w.org\/{rel}","templated":true}]}}