{"id":250,"date":"2023-08-11T14:38:07","date_gmt":"2023-08-11T17:38:07","guid":{"rendered":"https:\/\/www.acsc.com.br\/divinocoracao\/?page_id=250"},"modified":"2023-08-11T14:38:07","modified_gmt":"2023-08-11T17:38:07","slug":"sistema-de-avaliacao","status":"publish","type":"page","link":"https:\/\/www.acsc.com.br\/divinocoracao\/sistema-de-avaliacao\/","title":{"rendered":"Sistema de Avalia\u00e7\u00e3o"},"content":{"rendered":"<p style=\"text-align: justify;\"><span style=\"font-weight: 400;\">A avalia\u00e7\u00e3o tem uma fun\u00e7\u00e3o permanente de diagn\u00f3stico e acompanhamento do processo de ensino e aprendizagem. Portanto, avaliar significa redesenhar de forma investigativa e significativa o estado entre desconhecimento e conhecimento.\u00a0\u00a0\u00a0<\/span><\/p>\n<p style=\"text-align: justify;\"><span style=\"font-weight: 400;\">Em n\u00edvel operacional, a avalia\u00e7\u00e3o da aprendizagem tem, como refer\u00eancia, o conjunto de conhecimentos, habilidades e compet\u00eancias, atitudes, valores e emo\u00e7\u00f5es que os sujeitos do processo educativo projetam para si, de modo integrado e articulado, com os princ\u00edpios definidos pela Educa\u00e7\u00e3o B\u00e1sica, redimensionados para cada uma de suas etapas.<\/span><\/p>\n<p style=\"text-align: justify;\"><b>Educa\u00e7\u00e3o Infantil e Ensino Fundamental &#8211; 1\u00ba ao 4\u00ba ano<\/b><\/p>\n<p style=\"text-align: justify;\"><span style=\"font-weight: 400;\">O Col\u00e9gio Divino Cora\u00e7\u00e3o expressa os resultados da avalia\u00e7\u00e3o, trimestralmente, na Educa\u00e7\u00e3o B\u00e1sica. Na Educa\u00e7\u00e3o Infantil, at\u00e9 o 4\u00b0 ano do Ensino Fundamental, os resultados s\u00e3o expressos por parecer descritivo (PD).\u00a0<\/span><\/p>\n<p style=\"text-align: justify;\"><b><br \/>\nEnsino Fundamental &#8211; 5\u00ba ao 9\u00ba ano e Ensino M\u00e9dio<\/b><\/p>\n<p style=\"text-align: justify;\"><span style=\"font-weight: 400;\">No Ensino Fundamental, do 5\u00b0 ao 9\u00b0 ano, e no Ensino M\u00e9dio, as notas s\u00e3o expressas em uma escala de zero (0,0) a dez (10,0). Ao final do 3\u00b0 trimestre , \u00e9 promovido o estudante que alcan\u00e7ar no m\u00ednimo m\u00e9dia sete (7,0), em cada um dos componentes curriculares, resultante da m\u00e9dia aritm\u00e9tica simples obtida nos trimestres.\u00a0<\/span><\/p>\n<p style=\"text-align: justify;\"><b>Estudos de Recupera\u00e7\u00e3o<\/b><\/p>\n<p style=\"text-align: justify;\"><span style=\"font-weight: 400;\">O Col\u00e9gio Divino Cora\u00e7\u00e3o oferece estudos de recupera\u00e7\u00e3o ao estudante com dificuldades de aprendizagem, sob a responsabilidade do professor, assessorado pelo CIPE.\u00a0<\/span><\/p>\n<p style=\"text-align: justify;\"><span style=\"font-weight: 400;\">Aos estudantes do 5\u00b0 ano do Ensino Fundamental ao Ensino M\u00e9dio que n\u00e3o alcan\u00e7arem a m\u00e9dia sete (7,0), resultado dos tr\u00eas trimestres, \u00e9 oportunizada avalia\u00e7\u00e3o ap\u00f3s o t\u00e9rmino do ano letivo.<\/span><\/p>\n<p style=\"text-align: justify;\"><b>Progress\u00e3o Parcial<\/b><\/p>\n<p style=\"text-align: justify;\"><span style=\"font-weight: 400;\">O Col\u00e9gio Divino Cora\u00e7\u00e3o tamb\u00e9m oferece a Progress\u00e3o Parcial (PP) aos estudantes e aos recebidos por transfer\u00eancia, desde que estejam regularmente matriculados no ano\/s\u00e9rie e nas respectivas disciplinas da PP. A Progress\u00e3o Parcial destina-se ao estudante do 5\u00b0 ano do Ensino Fundamental ao 2\u00b0 ano do Ensino M\u00e9dio que n\u00e3o obteve aprova\u00e7\u00e3o em at\u00e9 dois componentes curriculares, sendo promovido ao ano\/s\u00e9rie seguinte, sem preju\u00edzo \u00e0 sequ\u00eancia curricular e respeitada a legisla\u00e7\u00e3o vigente.\u00a0<\/span><\/p>\n<p style=\"text-align: justify;\"><span style=\"font-weight: 400;\">O estudante que n\u00e3o for aprovado, ao final do ano letivo, em at\u00e9 dois componentes curriculares realiza\u00a0 a Progress\u00e3o Parcial durante o primeiro trimestre do ano letivo seguinte, devendo atingir no m\u00ednimo m\u00e9dia sete (7,0) para aprova\u00e7\u00e3o, resultante do somat\u00f3rio das avalia\u00e7\u00f5es realizadas no semestre da Progress\u00e3o Parcial.\u00a0<\/span><\/p>\n","protected":false},"excerpt":{"rendered":"<p>A avalia\u00e7\u00e3o tem uma fun\u00e7\u00e3o permanente de diagn\u00f3stico e acompanhamento do processo de ensino e aprendizagem. Portanto, avaliar significa redesenhar de forma investigativa e significativa o estado entre desconhecimento e conhecimento.\u00a0\u00a0\u00a0 Em n\u00edvel operacional, a avalia\u00e7\u00e3o da aprendizagem tem, como refer\u00eancia, o conjunto de conhecimentos, habilidades e compet\u00eancias, atitudes, valores e emo\u00e7\u00f5es que os sujeitos&#8230;<\/p>\n","protected":false},"author":1,"featured_media":0,"parent":0,"menu_order":0,"comment_status":"closed","ping_status":"closed","template":"","meta":{"_acf_changed":false,"footnotes":""},"class_list":["post-250","page","type-page","status-publish","hentry"],"acf":[],"_links":{"self":[{"href":"https:\/\/www.acsc.com.br\/divinocoracao\/wp-json\/wp\/v2\/pages\/250","targetHints":{"allow":["GET"]}}],"collection":[{"href":"https:\/\/www.acsc.com.br\/divinocoracao\/wp-json\/wp\/v2\/pages"}],"about":[{"href":"https:\/\/www.acsc.com.br\/divinocoracao\/wp-json\/wp\/v2\/types\/page"}],"author":[{"embeddable":true,"href":"https:\/\/www.acsc.com.br\/divinocoracao\/wp-json\/wp\/v2\/users\/1"}],"replies":[{"embeddable":true,"href":"https:\/\/www.acsc.com.br\/divinocoracao\/wp-json\/wp\/v2\/comments?post=250"}],"version-history":[{"count":1,"href":"https:\/\/www.acsc.com.br\/divinocoracao\/wp-json\/wp\/v2\/pages\/250\/revisions"}],"predecessor-version":[{"id":251,"href":"https:\/\/www.acsc.com.br\/divinocoracao\/wp-json\/wp\/v2\/pages\/250\/revisions\/251"}],"wp:attachment":[{"href":"https:\/\/www.acsc.com.br\/divinocoracao\/wp-json\/wp\/v2\/media?parent=250"}],"curies":[{"name":"wp","href":"https:\/\/api.w.org\/{rel}","templated":true}]}}