{"id":115,"date":"2023-04-17T17:46:10","date_gmt":"2023-04-17T20:46:10","guid":{"rendered":"https:\/\/www.acsc.com.br\/divinocoracao\/?page_id=115"},"modified":"2023-08-11T15:20:42","modified_gmt":"2023-08-11T18:20:42","slug":"novo-ensino-medio","status":"publish","type":"page","link":"https:\/\/www.acsc.com.br\/divinocoracao\/novo-ensino-medio\/","title":{"rendered":"Ensino M\u00e9dio"},"content":{"rendered":"<p style=\"text-align: justify;\"><span style=\"font-weight: 400;\">O <\/span><b>Ensino M\u00e9dio<\/b><span style=\"font-weight: 400;\">, etapa final da educa\u00e7\u00e3o b\u00e1sica, com dura\u00e7\u00e3o de tr\u00eas anos, tem por objetivo, aprofundar e consolidar valores, conhecimentos, habilidades e compet\u00eancias adquiridos no Ensino Fundamental, oportunizando ao estudante condi\u00e7\u00f5es de construir sua hist\u00f3ria pessoal e social, fomentando a criatividade e o protagonismo.\u00a0<\/span><\/p>\n<p style=\"text-align: justify;\"><span style=\"font-weight: 400;\">Tem-se por meta assumir e buscar o aprimoramento cient\u00edfico, tecnol\u00f3gico, \u00e9tico e crist\u00e3o, fortalecer rela\u00e7\u00f5es de corresponsabilidade, participa\u00e7\u00e3o e solidariedade, possibilitar conhecimento necess\u00e1rio para continuidade dos estudos, desenvolvendo habilidades e compet\u00eancias de forma cr\u00edtica, aut\u00f4noma e correta, aprimorar a conviv\u00eancia social, conhecimento dos direitos e deveres como cidad\u00e3os e o respeito ao bem comum.\u00a0<\/span><\/p>\n<p style=\"text-align: justify;\"><span style=\"font-weight: 400;\">Para atender \u00e0s novas demandas, trabalhamos com o Novo Ensino M\u00e9dio (1\u00b0 e 2\u00b0 s\u00e9rie do Ensino M\u00e9dio no ano letivo de 2023), que \u00e9 um modelo de aprendizagem no qual permite ao jovem optar por qual \u00e1rea de conhecimento ir\u00e1 se aprofundar nos estudos. Foi elaborado considerando as necessidades do mundo contempor\u00e2neo, das r\u00e1pidas transforma\u00e7\u00f5es decorrentes do desenvolvimento tecnol\u00f3gico, do mercado de trabalho e as demandas necess\u00e1rias em nossa regi\u00e3o.<\/span><\/p>\n<p style=\"text-align: justify;\"><span style=\"font-weight: 400;\">Dentro desse modelo s\u00e3o oferecidos dois itiner\u00e1rios formativos aos alunos:: <\/span><i><span style=\"font-weight: 400;\">Linguagem e Produ\u00e7\u00e3o de conte\u00fado e Ci\u00eancias Agr\u00e1rias.\u00a0<\/span><\/i><\/p>\n<p style=\"text-align: justify;\">\n<b><\/b><\/p>\n<ul style=\"text-align: justify;\">\n<li aria-level=\"1\"><b>Linguagem e Produ\u00e7\u00e3o de Conte\u00fado\u00a0\u00a0\u00a0<\/b><\/li>\n<\/ul>\n<p style=\"text-align: justify;\"><span style=\"font-weight: 400;\">Oferece aos estudantes oportunidades de experienciar diferentes formas de comunica\u00e7\u00e3o e express\u00e3o, bem como os desafios postos em rela\u00e7\u00e3o \u00e0 produ\u00e7\u00e3o de conte\u00fado e ao mercado de trabalho na \u00e1rea. Assim, atrav\u00e9s da explora\u00e7\u00e3o dos diversos mecanismos e teorias da linguagem, possibilita discuss\u00f5es pertinentes \u00e0 hist\u00f3ria e evolu\u00e7\u00e3o da comunica\u00e7\u00e3o de modo geral.\u00a0<\/span><\/p>\n<p style=\"text-align: justify;\">\n<b><\/b><\/p>\n<ul style=\"text-align: justify;\">\n<li aria-level=\"1\"><b>Ci\u00eancias Agr\u00e1rias\u00a0\u00a0\u00a0<\/b><\/li>\n<\/ul>\n<p style=\"text-align: justify;\"><span style=\"font-weight: 400;\">Oferece aos estudantes experi\u00eancias e reflex\u00f5es sobre agricultura, pecu\u00e1ria, agroneg\u00f3cio, e suas possibilidades explorando a realidade local e global, bem como experi\u00eancias e\u00a0 reflex\u00f5es transformadoras sobre as perspectivas do mundo do trabalho.\u00a0\u00a0\u00a0\u00a0<\/span><\/p>\n<p style=\"text-align: justify;\">\n<p style=\"text-align: justify;\"><span style=\"font-weight: 400;\">Tamb\u00e9m s\u00e3o ofertadas as disciplinas eletivas, ministradas pela ESPM (<\/span><span style=\"font-weight: 400;\">Escola Superior de Propaganda e Marketing) e p<\/span><span style=\"font-weight: 400;\">ara melhor aproveitamento e aprendizagem dos estudantes, a institui\u00e7\u00e3o oferece Simulados, Trabalhos com Leituras Obrigat\u00f3rias, S\u00e1bados Letivos com atividades de Reda\u00e7\u00e3o, Viagem Pedag\u00f3gica para fora do Munic\u00edpio para aprimorar conhecimentos, Reda\u00e7\u00e3o Nota Mil, dentre outros.\u00a0<\/span><\/p>\n<p style=\"text-align: justify;\">\n<p style=\"text-align: justify;\"><span style=\"font-weight: 400;\">Nossos m\u00e9todos de ensino s\u00e3o excelentes e podem ser provados pelo alto \u00edndice de aprova\u00e7\u00e3o dos nossos alunos em vestibulares, tanto em Universidades p\u00fablicas quanto em particulares.<\/span><\/p>\n<p style=\"text-align: justify;\">\n","protected":false},"excerpt":{"rendered":"<p>O Ensino M\u00e9dio, etapa final da educa\u00e7\u00e3o b\u00e1sica, com dura\u00e7\u00e3o de tr\u00eas anos, tem por objetivo, aprofundar e consolidar valores, conhecimentos, habilidades e compet\u00eancias adquiridos no Ensino Fundamental, oportunizando ao estudante condi\u00e7\u00f5es de construir sua hist\u00f3ria pessoal e social, fomentando a criatividade e o protagonismo.\u00a0 Tem-se por meta assumir e buscar o aprimoramento cient\u00edfico, tecnol\u00f3gico,&#8230;<\/p>\n","protected":false},"author":1,"featured_media":0,"parent":0,"menu_order":0,"comment_status":"closed","ping_status":"closed","template":"","meta":{"_acf_changed":false,"footnotes":""},"class_list":["post-115","page","type-page","status-publish","hentry"],"acf":[],"_links":{"self":[{"href":"https:\/\/www.acsc.com.br\/divinocoracao\/wp-json\/wp\/v2\/pages\/115","targetHints":{"allow":["GET"]}}],"collection":[{"href":"https:\/\/www.acsc.com.br\/divinocoracao\/wp-json\/wp\/v2\/pages"}],"about":[{"href":"https:\/\/www.acsc.com.br\/divinocoracao\/wp-json\/wp\/v2\/types\/page"}],"author":[{"embeddable":true,"href":"https:\/\/www.acsc.com.br\/divinocoracao\/wp-json\/wp\/v2\/users\/1"}],"replies":[{"embeddable":true,"href":"https:\/\/www.acsc.com.br\/divinocoracao\/wp-json\/wp\/v2\/comments?post=115"}],"version-history":[{"count":2,"href":"https:\/\/www.acsc.com.br\/divinocoracao\/wp-json\/wp\/v2\/pages\/115\/revisions"}],"predecessor-version":[{"id":270,"href":"https:\/\/www.acsc.com.br\/divinocoracao\/wp-json\/wp\/v2\/pages\/115\/revisions\/270"}],"wp:attachment":[{"href":"https:\/\/www.acsc.com.br\/divinocoracao\/wp-json\/wp\/v2\/media?parent=115"}],"curies":[{"name":"wp","href":"https:\/\/api.w.org\/{rel}","templated":true}]}}